12:10:01 T:3436 DEBUG: MUSIC_INFO::CMusicInfoScanner::DoScan Skipping dir 'smb://CS407/music/# classé #/Nicki Minaj/Pink friday Roman reloaded/' due to no change
12:10:01 T:3436 DEBUG: MUSIC_INFO::CMusicInfoScanner::DoScan Skipping dir 'smb://CS407/music/# classé #/Nightmare/' due to no change
12:10:02 T:3436 DEBUG: MUSIC_INFO::CMusicInfoScanner::DoScan Skipping dir 'smb://CS407/music/# classé #/Nightmare/Raison d'Etre/' due to no change
12:10:02 T:3436 DEBUG: MUSIC_INFO::CMusicInfoScanner::DoScan Skipping dir 'smb://CS407/music/# classé #/Nightmare/the World Ruler/' due to no change
12:10:02 T:3436 DEBUG: MUSIC_INFO::CMusicInfoScanner::DoScan Skipping dir 'smb://CS407/music/# classé #/Nightwish/' due to no change
12:10:02 T:3436 DEBUG: MUSIC_INFO::CMusicInfoScanner::DoScan Skipping dir 'smb://CS407/music/# classé #/Nightwish/Once/' due to no change
12:10:02 T:3436 DEBUG: MUSIC_INFO::CMusicInfoScanner::DoScan Skipping dir 'smb://CS407/music/# classé #/No Doubt/' due to no change
12:10:02 T:3436 DEBUG: MUSIC_INFO::CMusicInfoScanner::DoScan Skipping dir 'smb://CS407/music/# classé #/No Doubt/The Singles 1992-2003/' due to no change
12:10:02 T:3436 DEBUG: MUSIC_INFO::CMusicInfoScanner::DoScan Skipping dir 'smb://CS407/music/# classé #/No Doubt/Tragic Kingdom/' due to no change
12:10:02 T:3436 DEBUG: MUSIC_INFO::CMusicInfoScanner::DoScan Skipping dir 'smb://CS407/music/# classé #/Nobuo Yamada/' due to no change
12:10:02 T:3416 DEBUG: VideoInfoScanner: No (new) information was found in dir smb://CS407/video/## Series ##/Battlestar galactica/
12:10:02 T:3436 DEBUG: MUSIC_INFO::CMusicInfoScanner::DoScan Skipping dir 'smb://CS407/music/# classé #/Nobuo Yamada/Saint Seiya hits 1/' due to no change
12:10:02 T:3436 DEBUG: MUSIC_INFO::CMusicInfoScanner::DoScan Skipping dir 'smb://CS407/music/# classé #/Noriyuki Iwadare/' due to no change
12:10:02 T:3436 DEBUG: MUSIC_INFO::CMusicInfoScanner::DoScan Skipping dir 'smb://CS407/music/# classé #/Noriyuki Iwadare/Orchestra Album _ Gyakuten Meets Orchest/' due to no change
12:10:02 T:3436 DEBUG: MUSIC_INFO::CMusicInfoScanner::DoScan Skipping dir 'smb://CS407/music/# classé #/Oceana/' due to no change
12:10:02 T:3436 DEBUG: MUSIC_INFO::CMusicInfoScanner::DoScan Skipping dir 'smb://CS407/music/# classé #/Oceana/Love Supply/' due to no change
12:10:02 T:3436 DEBUG: MUSIC_INFO::CMusicInfoScanner::DoScan Skipping dir 'smb://CS407/music/# classé #/Ohmi Tomoe/' due to no change
12:10:02 T:3436 DEBUG: MUSIC_INFO::CMusicInfoScanner::DoScan Skipping dir 'smb://CS407/music/# classé #/Ohmi Tomoe/Float/' due to no change
12:10:02 T:3416 DEBUG: VideoInfoScanner: No (new) information was found in dir smb://CS407/video/## Series ##/Being erica/
12:10:02 T:3436 DEBUG: MUSIC_INFO::CMusicInfoScanner::DoScan Skipping dir 'smb://CS407/music/# classé #/Olivia Ruiz/' due to no change
12:10:02 T:3516 DEBUG: JSONRPC: Incoming request: {"jsonrpc": "2.0", "method": "Files.GetDirectory", "params": {"directory": "videodb://1/2/", "media": "video", "properties": ["year", "runtime", "file", "playcount", "rating", "plot", "fanart", "thumbnail", "trailer", "streamdetails"]}, "id": 1}
12:10:02 T:3516 DEBUG: JSONRPC: Calling files.getdirectory
12:10:02 T:3516 DEBUG: CUtil::GetMatchingSource: no matching source found for [videodb://1/2/]
12:10:02 T:3516 DEBUG: Previous line repeats 4 times.
12:10:02 T:3516 DEBUG: CVideoDatabase::RunQuery took 0 ms for 6 items query: SELECT sets.idSet,sets.strSet,COUNT(1) AS c,count(files.playCount) FROM sets JOIN setlinkmovie ON sets.idSet=setlinkmovie.idSet JOIN movie ON setlinkmovie.idMovie=movie.idMovie JOIN files ON files.idFile=movie.idFile GROUP BY sets.idSet HAVING c>1
12:10:02 T:3516 DEBUG: CVideoDatabase::RunQuery took 4 ms for 158 items query: select * from movieview WHERE movieview.idMovie NOT IN (SELECT idMovie FROM setlinkmovie s1 JOIN(SELECT idSet, COUNT(1) AS c FROM setlinkmovie GROUP BY idSet HAVING c>1) s2 ON s2.idSet=s1.idSet)
12:10:02 T:3436 DEBUG: MUSIC_INFO::CMusicInfoScanner::DoScan Skipping dir 'smb://CS407/music/# classé #/Olivia Ruiz/j'aime pas l'amour/' due to no change
12:10:03 T:3428 DEBUG: JSONRPC: Incoming request: {"jsonrpc":"2.0", "id":"1", "method":"Files.GetDirectory", "params":{"directory":"videodb://2/4/", "sort":{"method":"label", "order":"ascending"}}}
12:10:03 T:3428 DEBUG: JSONRPC: Calling files.getdirectory
12:10:03 T:3428 DEBUG: CUtil::GetMatchingSource: no matching source found for [videodb://2/4/]
12:10:03 T:3428 DEBUG: Previous line repeats 4 times.
12:10:03 T:3428 DEBUG: CVideoDatabase::GetPeopleNav - query took 14 ms
12:10:03 T:3428 DEBUG: CVideoDatabase::GetPeopleNav item retrieval took 11 ms
12:10:03 T:3436 DEBUG: MUSIC_INFO::CMusicInfoScanner::DoScan Skipping dir 'smb://CS407/music/# classé #/Olivia Ruiz/La femme chocolat/' due to no change
12:10:03 T:3416 DEBUG: VideoInfoScanner: No (new) information was found in dir smb://CS407/video/## Series ##/Being human (us)/
12:10:03 T:3436 DEBUG: MUSIC_INFO::CMusicInfoScanner::DoScan Skipping dir 'smb://CS407/music/# classé #/One-T/' due to no change
12:10:03 T:3436 DEBUG: MUSIC_INFO::CMusicInfoScanner::DoScan Skipping dir 'smb://CS407/music/# classé #/One-T/The One-T ODC/' due to no change
12:10:03 T:3436 DEBUG: MUSIC_INFO::CMusicInfoScanner::DoScan Skipping dir 'smb://CS407/music/# classé #/Onmyoza/' due to no change
12:10:03 T:3436 DEBUG: MUSIC_INFO::CMusicInfoScanner::DoScan Skipping dir 'smb://CS407/music/# classé #/Onmyoza/Kouga Ninpou Chou/' due to no change
12:10:03 T:3436 DEBUG: MUSIC_INFO::CMusicInfoScanner::DoScan Skipping dir 'smb://CS407/music/# classé #/P!nk/' due to no change
12:10:03 T:3436 DEBUG: MUSIC_INFO::CMusicInfoScanner::DoScan Skipping dir 'smb://CS407/music/# classé #/P!nk/Funhouse/' due to no change
12:10:03 T:3416 DEBUG: VideoInfoScanner: No (new) information was found in dir smb://CS407/video/## Series ##/Better off ted/
12:10:03 T:3436 DEBUG: MUSIC_INFO::CMusicInfoScanner::DoScan Skipping dir 'smb://CS407/music/# classé #/P!nk/Greatest Hits...So Far!!!/' due to no change
12:10:03 T:3436 DEBUG: MUSIC_INFO::CMusicInfoScanner::DoScan Skipping dir 'smb://CS407/music/# classé #/PZK/' due to no change
12:10:03 T:3436 DEBUG: MUSIC_INFO::CMusicInfoScanner::DoScan Skipping dir 'smb://CS407/music/# classé #/PZK/Chuis Bo/' due to no change
12:10:03 T:3544 DEBUG: script.artistslideshow: script version 1.3.1 started
12:10:03 T:3544 DEBUG: script.artistslideshow: window id is set to 12006
12:10:03 T:3544 DEBUG: script.artistslideshow: artist field is set to
12:10:03 T:3544 DEBUG: script.artistslideshow: daemonizing
12:10:03 T:3716 NOTICE: -->Python Interpreter Initialized<--
12:10:03 T:3716 DEBUG: XBPyThread::Process - The source file to load is C:\Users\XBMC\AppData\Roaming\XBMC\addons\script.metadata.actors\resources\lib\borntoday.py
12:10:03 T:3716 DEBUG: XBPyThread::Process - Setting the Python path to C:\Users\XBMC\AppData\Roaming\XBMC\addons\script.metadata.actors\resources\lib;C:\Users\XBMC\AppData\Roaming\XBMC\addons\script.module.dialogaddonscan\lib;C:\Program Files (x86)\XBMC\addons\script.module.simplejson\lib;C:\Users\XBMC\AppData\Roaming\XBMC\addons\script.module.beautifulsoup\lib;C:\Program Files (x86)\XBMC\addons\script.module.pil\lib;C:\Users\XBMC\AppData\Roaming\XBMC\addons\script.common.plugin.cache\lib;C:\Users\XBMC\AppData\Roaming\XBMC\addons\script.module.simple.downloader\lib;C:\Users\XBMC\AppData\Roaming\XBMC\addons\script.module.rssengine\lib;C:\Users\XBMC\AppData\Roaming\XBMC\addons\script.module.parsedom\lib;C:\Users\XBMC\AppData\Roaming\XBMC\addons\script.module.elementtree\lib;C:\Program Files (x86)\XBMC\addons\script.module.pysqlite\lib;C:\Program Files (x86)\XBMC\system\python\DLLs;C:\Program Files (x86)\XBMC\system\python\Lib;C:\Program Files (x86)\XBMC\python26.zip;C:\Program Files (x86)\XBMC\system\python\lib\plat-win;C:\Program Files (x86)\XBMC\system\python\lib\lib-tk;C:\Program Files (x86)\XBMC;C:\Program Files (x86)\XBMC\system\python;C:\Program Files (x86)\XBMC\system\python\lib\site-packages;
12:10:03 T:3716 DEBUG: XBPyThread::Process - Entering source directory C:\Users\XBMC\AppData\Roaming\XBMC\addons\script.metadata.actors\resources\lib
12:10:03 T:3544 DEBUG: script.artistslideshow: language = en
12:10:03 T:3544 DEBUG: script.artistslideshow: external call is set to
12:10:03 T:3544 DEBUG: script.artistslideshow: no music playing
12:10:03 T:3436 DEBUG: MUSIC_INFO::CMusicInfoScanner::DoScan Skipping dir 'smb://CS407/music/# classé #/Paris Hilton/' due to no change
12:10:03 T:3436 DEBUG: MUSIC_INFO::CMusicInfoScanner::DoScan Skipping dir 'smb://CS407/music/# classé #/Paris Hilton/Paris/' due to no change
12:10:03 T:3416 DEBUG: VideoInfoScanner: No (new) information was found in dir smb://CS407/video/## Series ##/Blue Mountain State/
12:10:03 T:3436 DEBUG: MUSIC_INFO::CMusicInfoScanner::DoScan Skipping dir 'smb://CS407/music/# classé #/Passi/' due to no change
12:10:03 T:3716 DEBUG: JSONRPC: Incoming request: {"jsonrpc":"2.0", "id":"1", "method":"Files.GetDirectory", "params":{"directory":"videodb://1/4/", "sort":{"method":"label", "order":"ascending"}}}
12:10:03 T:3716 DEBUG: JSONRPC: Calling files.getdirectory
12:10:03 T:3716 DEBUG: CUtil::GetMatchingSource: no matching source found for [videodb://1/4/]
12:10:03 T:3716 DEBUG: Previous line repeats 4 times.
12:10:03 T:3716 DEBUG: CVideoDatabase::GetPeopleNav - query took 28 ms
12:10:03 T:3716 DEBUG: CVideoDatabase::GetPeopleNav item retrieval took 33 ms
12:10:03 T:3436 DEBUG: MUSIC_INFO::CMusicInfoScanner::DoScan Skipping dir 'smb://CS407/music/# classé #/Passi/Les tentations/' due to no change
12:10:04 T:3436 DEBUG: MUSIC_INFO::CMusicInfoScanner::DoScan Skipping dir 'smb://CS407/music/# classé #/Pauline/' due to no change
12:10:04 T:3436 DEBUG: MUSIC_INFO::CMusicInfoScanner::DoScan Skipping dir 'smb://CS407/music/# classé #/Pauline/Allo le monde/' due to no change
12:10:04 T:3436 DEBUG: MUSIC_INFO::CMusicInfoScanner::DoScan Skipping dir 'smb://CS407/music/# classé #/Phil Collins/' due to no change
12:10:04 T:3436 DEBUG: MUSIC_INFO::CMusicInfoScanner::DoScan Skipping dir 'smb://CS407/music/# classé #/Phil Collins/Frére des ours/' due to no change
12:10:04 T:3436 DEBUG: MUSIC_INFO::CMusicInfoScanner::DoScan Skipping dir 'smb://CS407/music/# classé #/Pitbull/' due to no change
12:10:04 T:3436 DEBUG: MUSIC_INFO::CMusicInfoScanner::DoScan Skipping dir 'smb://CS407/music/# classé #/Pitbull/Planet Pit/' due to no change
12:10:04 T:3436 DEBUG: MUSIC_INFO::CMusicInfoScanner::DoScan Skipping dir 'smb://CS407/music/# classé #/Placebo/' due to no change
12:10:04 T:3436 DEBUG: MUSIC_INFO::CMusicInfoScanner::DoScan Skipping dir 'smb://CS407/music/# classé #/Placebo/Sleeping With Ghosts/' due to no change
12:10:04 T:3436 DEBUG: MUSIC_INFO::CMusicInfoScanner::DoScan Skipping dir 'smb://CS407/music/# classé #/Plan B/' due to no change
12:10:04 T:3436 DEBUG: MUSIC_INFO::CMusicInfoScanner::DoScan Skipping dir 'smb://CS407/music/# classé #/Plan B/The Defamation of Strickland Banks/' due to no change
12:10:04 T:3436 DEBUG: MUSIC_INFO::CMusicInfoScanner::DoScan Skipping dir 'smb://CS407/music/# classé #/Porno Graffitti/' due to no change
12:10:04 T:3436 DEBUG: MUSIC_INFO::CMusicInfoScanner::DoScan Skipping dir 'smb://CS407/music/# classé #/Porno Graffitti/Best Blue's/' due to no change
12:10:04 T:3436 DEBUG: MUSIC_INFO::CMusicInfoScanner::DoScan Skipping dir 'smb://CS407/music/# classé #/Psychic Lover/' due to no change
12:10:04 T:3436 DEBUG: MUSIC_INFO::CMusicInfoScanner::DoScan Skipping dir 'smb://CS407/music/# classé #/Psychic Lover/XTC/' due to no change
12:10:04 T:3520 DEBUG: JSONRPC: Incoming request: {"jsonrpc": "2.0", "method": "Files.GetDirectory", "params": {"directory": "videodb://1/7/3/", "media": "video", "properties": ["year", "runtime", "file", "playcount", "rating", "plot", "fanart", "thumbnail", "trailer", "streamdetails"]}, "id": 1}
12:10:04 T:3520 DEBUG: JSONRPC: Calling files.getdirectory
12:10:04 T:3520 DEBUG: CUtil::GetMatchingSource: no matching source found for [videodb://1/7/3/]
12:10:04 T:3436 DEBUG: Previous line repeats 4 times.
12:10:04 T:3436 DEBUG: MUSIC_INFO::CMusicInfoScanner::DoScan Skipping dir 'smb://CS407/music/# classé #/RICKEN'S/' due to no change
12:10:04 T:3520 DEBUG: CVideoDatabase::RunQuery took 0 ms for 2 items query: select * from movieview join setlinkmovie on setlinkmovie.idMovie=movieview.idMovie where setlinkmovie.idSet=3
12:10:04 T:3520 DEBUG: JSONRPC: Incoming request: {"jsonrpc": "2.0", "method": "Files.GetDirectory", "params": {"directory": "videodb://1/7/4/", "media": "video", "properties": ["year", "runtime", "file", "playcount", "rating", "plot", "fanart", "thumbnail", "trailer", "streamdetails"]}, "id": 1}
12:10:04 T:3520 DEBUG: JSONRPC: Calling files.getdirectory
12:10:04 T:3520 DEBUG: CUtil::GetMatchingSource: no matching source found for [videodb://1/7/4/]
12:10:04 T:3520 DEBUG: Previous line repeats 4 times.
12:10:04 T:3520 DEBUG: CVideoDatabase::RunQuery took 1 ms for 2 items query: select * from movieview join setlinkmovie on setlinkmovie.idMovie=movieview.idMovie where setlinkmovie.idSet=4
12:10:04 T:3516 DEBUG: JSONRPC: Incoming request: {"jsonrpc": "2.0", "method": "Files.GetDirectory", "params": {"directory": "videodb://1/7/3/", "media": "video", "properties": ["year", "runtime", "file", "playcount", "rating", "plot", "fanart", "thumbnail", "trailer", "streamdetails"]}, "id": 1}
12:10:04 T:3516 DEBUG: JSONRPC: Calling files.getdirectory
12:10:04 T:3516 DEBUG: CUtil::GetMatchingSource: no matching source found for [videodb://1/7/3/]
12:10:04 T:3516 DEBUG: Previous line repeats 4 times.
12:10:04 T:3516 DEBUG: CVideoDatabase::RunQuery took 0 ms for 2 items query: select * from movieview join setlinkmovie on setlinkmovie.idMovie=movieview.idMovie where setlinkmovie.idSet=3
12:10:04 T:3520 DEBUG: JSONRPC: Incoming request: {"jsonrpc": "2.0", "method": "Files.GetDirectory", "params": {"directory": "videodb://1/7/11/", "media": "video", "properties": ["year", "runtime", "file", "playcount", "rating", "plot", "fanart", "thumbnail", "trailer", "streamdetails"]}, "id": 1}
12:10:04 T:3520 DEBUG: JSONRPC: Calling files.getdirectory
12:10:04 T:3520 DEBUG: CUtil::GetMatchingSource: no matching source found for [videodb://1/7/11/]
12:10:04 T:3520 DEBUG: Previous line repeats 4 times.
12:10:04 T:3520 DEBUG: CVideoDatabase::RunQuery took 2 ms for 8 items query: select * from movieview join setlinkmovie on setlinkmovie.idMovie=movieview.idMovie where setlinkmovie.idSet=11
12:10:04 T:3436 DEBUG: MUSIC_INFO::CMusicInfoScanner::DoScan Skipping dir 'smb://CS407/music/# classé #/RICKEN'S/Eyeshield 21/' due to no change
12:10:04 T:3516 DEBUG: JSONRPC: Incoming request: {"jsonrpc": "2.0", "method": "Files.GetDirectory", "params": {"directory": "videodb://1/7/4/", "media": "video", "properties": ["year", "runtime", "file", "playcount", "rating", "plot", "fanart", "thumbnail", "trailer", "streamdetails"]}, "id": 1}
12:10:04 T:3516 DEBUG: JSONRPC: Calling files.getdirectory
12:10:04 T:3516 DEBUG: CUtil::GetMatchingSource: no matching source found for [videodb://1/7/4/]
12:10:05 T:3516 DEBUG: Previous line repeats 4 times.
12:10:05 T:3516 DEBUG: CVideoDatabase::RunQuery took 0 ms for 2 items query: select * from movieview join setlinkmovie on setlinkmovie.idMovie=movieview.idMovie where setlinkmovie.idSet=4
12:10:05 T:3516 DEBUG: JSONRPC: Incoming request: {"jsonrpc": "2.0", "method": "Files.GetDirectory", "params": {"directory": "videodb://1/7/11/", "media": "video", "properties": ["year", "runtime", "file", "playcount", "rating", "plot", "fanart", "thumbnail", "trailer", "streamdetails"]}, "id": 1}
12:10:05 T:3516 DEBUG: JSONRPC: Calling files.getdirectory
12:10:05 T:3516 DEBUG: CUtil::GetMatchingSource: no matching source found for [videodb://1/7/11/]
12:10:05 T:3516 DEBUG: Previous line repeats 4 times.
12:10:05 T:3516 DEBUG: CVideoDatabase::RunQuery took 1 ms for 8 items query: select * from movieview join setlinkmovie on setlinkmovie.idMovie=movieview.idMovie where setlinkmovie.idSet=11
12:10:05 T:3436 DEBUG: MUSIC_INFO::CMusicInfoScanner::DoScan Skipping dir 'smb://CS407/music/# classé #/Remady/' due to no change
12:10:05 T:3416 DEBUG: VideoInfoScanner: No (new) information was found in dir smb://CS407/video/## Series ##/Bones/
12:10:05 T:3436 DEBUG: MUSIC_INFO::CMusicInfoScanner::DoScan Skipping dir 'smb://CS407/music/# classé #/Remady/No Superstar (The Album)/' due to no change
12:10:05 T:3520 DEBUG: JSONRPC: Incoming request: {"jsonrpc": "2.0", "method": "Files.GetDirectory", "params": {"directory": "videodb://1/7/12/", "media": "video", "properties": ["year", "runtime", "file", "playcount", "rating", "plot", "fanart", "thumbnail", "trailer", "streamdetails"]}, "id": 1}
12:10:05 T:3520 DEBUG: JSONRPC: Calling files.getdirectory
12:10:05 T:3520 DEBUG: CUtil::GetMatchingSource: no matching source found for [videodb://1/7/12/]
12:10:05 T:3520 DEBUG: Previous line repeats 4 times.
12:10:05 T:3520 DEBUG: CVideoDatabase::RunQuery took 0 ms for 3 items query: select * from movieview join setlinkmovie on setlinkmovie.idMovie=movieview.idMovie where setlinkmovie.idSet=12
12:10:05 T:3520 DEBUG: JSONRPC: Incoming request: {"jsonrpc": "2.0", "method": "Files.GetDirectory", "params": {"directory": "videodb://1/7/18/", "media": "video", "properties": ["year", "runtime", "file", "playcount", "rating", "plot", "fanart", "thumbnail", "trailer", "streamdetails"]}, "id": 1}
12:10:05 T:3520 DEBUG: JSONRPC: Calling files.getdirectory
12:10:05 T:3520 DEBUG: CUtil::GetMatchingSource: no matching source found for [videodb://1/7/18/]
12:10:05 T:3520 DEBUG: Previous line repeats 4 times.
12:10:05 T:3520 DEBUG: CVideoDatabase::RunQuery took 0 ms for 5 items query: select * from movieview join setlinkmovie on setlinkmovie.idMovie=movieview.idMovie where setlinkmovie.idSet=18
12:10:05 T:3428 DEBUG: JSONRPC: Incoming request: {"jsonrpc":"2.0", "id":"1", "method":"Files.GetDirectory", "params":{"directory":"videodb://3/4/", "sort":{"method":"label", "order":"ascending"}}}
12:10:05 T:3428 DEBUG: JSONRPC: Calling files.getdirectory
12:10:05 T:3428 DEBUG: CUtil::GetMatchingSource: no matching source found for [videodb://3/4/]
12:10:05 T:3428 DEBUG: Previous line repeats 4 times.
12:10:05 T:3428 DEBUG: CVideoDatabase::GetPeopleNav - query took 2 ms
12:10:05 T:3516 DEBUG: JSONRPC: Incoming request: {"jsonrpc": "2.0", "method": "Files.GetDirectory", "params": {"directory": "videodb://1/7/12/", "media": "video", "properties": ["year", "runtime", "file", "playcount", "rating", "plot", "fanart", "thumbnail", "trailer", "streamdetails"]}, "id": 1}
12:10:05 T:3516 DEBUG: JSONRPC: Calling files.getdirectory
12:10:05 T:3516 DEBUG: CUtil::GetMatchingSource: no matching source found for [videodb://1/7/12/]
12:10:05 T:3516 DEBUG: Previous line repeats 4 times.
12:10:05 T:3516 DEBUG: CVideoDatabase::RunQuery took 1 ms for 3 items query: select * from movieview join setlinkmovie on setlinkmovie.idMovie=movieview.idMovie where setlinkmovie.idSet=12
12:10:05 T:3516 DEBUG: JSONRPC: Incoming request: {"jsonrpc": "2.0", "method": "Files.GetDirectory", "params": {"directory": "videodb://1/7/18/", "media": "video", "properties": ["year", "runtime", "file", "playcount", "rating", "plot", "fanart", "thumbnail", "trailer", "streamdetails"]}, "id": 1}
12:10:05 T:3516 DEBUG: JSONRPC: Calling files.getdirectory
12:10:05 T:3516 DEBUG: CUtil::GetMatchingSource: no matching source found for [videodb://1/7/18/]
12:10:05 T:3516 DEBUG: Previous line repeats 4 times.
12:10:05 T:3516 DEBUG: CVideoDatabase::RunQuery took 0 ms for 5 items query: select * from movieview join setlinkmovie on setlinkmovie.idMovie=movieview.idMovie where setlinkmovie.idSet=18
12:10:05 T:3520 DEBUG: JSONRPC: Incoming request: {"jsonrpc": "2.0", "method": "Files.GetDirectory", "params": {"directory": "videodb://1/7/19/", "media": "video", "properties": ["year", "runtime", "file", "playcount", "rating", "plot", "fanart", "thumbnail", "trailer", "streamdetails"]}, "id": 1}
12:10:05 T:3520 DEBUG: JSONRPC: Calling files.getdirectory
12:10:05 T:3520 DEBUG: CUtil::GetMatchingSource: no matching source found for [videodb://1/7/19/]
12:10:05 T:3520 DEBUG: Previous line repeats 4 times.
12:10:05 T:3520 DEBUG: CVideoDatabase::RunQuery took 1 ms for 3 items query: select * from movieview join setlinkmovie on setlinkmovie.idMovie=movieview.idMovie where setlinkmovie.idSet=19
12:10:05 T:3516 DEBUG: JSONRPC: Incoming request: {"jsonrpc": "2.0", "method": "Files.GetDirectory", "params": {"directory": "videodb://1/7/19/", "media": "video", "properties": ["year", "runtime", "file", "playcount", "rating", "plot", "fanart", "thumbnail", "trailer", "streamdetails"]}, "id": 1}
12:10:05 T:3516 DEBUG: JSONRPC: Calling files.getdirectory
12:10:05 T:3516 DEBUG: CUtil::GetMatchingSource: no matching source found for [videodb://1/7/19/]
12:10:05 T:3516 DEBUG: Previous line repeats 4 times.
12:10:05 T:3516 DEBUG: CVideoDatabase::RunQuery took 0 ms for 3 items query: select * from movieview join setlinkmovie on setlinkmovie.idMovie=movieview.idMovie where setlinkmovie.idSet=19
12:10:05 T:3524 NOTICE: Loading PlaylistLastMovie started at 2012-05-05
12:09:56 and take 9.093s
12:10:05 T:3524 INFO: Scriptresult: Success
12:10:05 T:3524 INFO: Python script stopped
12:10:05 T:3524 DEBUG: Thread XBPyThread 3524 terminating
12:10:05 T:2700 DEBUG: waiting for python thread 10 to stop
12:10:05 T:2700 DEBUG: python thread 10 destructed
12:10:05 T:3528 NOTICE: Loading PlaylistRandomMovie started at 2012-05-05
12:09:59 and take 5.588s
12:10:05 T:3528 INFO: Scriptresult: Success
12:10:05 T:3528 INFO: Python script stopped
12:10:05 T:3528 DEBUG: Thread XBPyThread 3528 terminating
12:10:05 T:3436 DEBUG: MUSIC_INFO::CMusicInfoScanner::DoScan Skipping dir 'smb://CS407/music/# classé #/Remy Zero/' due to no change
12:10:05 T:2700 DEBUG: waiting for python thread 11 to stop
12:10:05 T:2700 DEBUG: python thread 11 destructed
12:10:05 T:3520 NOTICE: Loading PlaylistRandomMovie started at 2012-05-05
12:09:59 and take 5.716s
12:10:05 T:3520 INFO: Scriptresult: Success
12:10:05 T:3520 INFO: Python script stopped
12:10:05 T:3520 DEBUG: Thread XBPyThread 3520 terminating
12:10:05 T:3516 NOTICE: Loading PlaylistLastMovie started at 2012-05-05
12:10:02 and take 2.272s
12:10:05 T:3516 INFO: Scriptresult: Success
12:10:05 T:3516 INFO: Python script stopped
12:10:05 T:3516 DEBUG: Thread XBPyThread 3516 terminating
12:10:05 T:2700 DEBUG: waiting for python thread 8 to stop
12:10:05 T:2700 DEBUG: python thread 8 destructed
12:10:05 T:2700 DEBUG: waiting for python thread 9 to stop
12:10:05 T:2700 DEBUG: python thread 9 destructed
12:10:05 T:3436 DEBUG: MUSIC_INFO::CMusicInfoScanner::DoScan Skipping dir 'smb://CS407/music/# classé #/Remy Zero/The Golden Hum/' due to no change
12:10:05 T:3436 DEBUG: MUSIC_INFO::CMusicInfoScanner::DoScan Skipping dir 'smb://CS407/music/# classé #/Renaud/' due to no change
12:10:05 T:3436 DEBUG: MUSIC_INFO::CMusicInfoScanner::DoScan Skipping dir 'smb://CS407/music/# classé #/Renaud/Boucan d'enfer/' due to no change
12:10:05 T:3436 DEBUG: MUSIC_INFO::CMusicInfoScanner::DoScan Skipping dir 'smb://CS407/music/# classé #/Rihanna/' due to no change
12:10:05 T:3436 DEBUG: MUSIC_INFO::CMusicInfoScanner::DoScan Skipping dir 'smb://CS407/music/# classé #/Rihanna/Loud/' due to no change
12:10:05 T:3416 DEBUG: VideoInfoScanner: No (new) information was found in dir smb://CS407/video/## Series ##/Bored to death/
12:10:05 T:3436 DEBUG: MUSIC_INFO::CMusicInfoScanner::DoScan Skipping dir 'smb://CS407/music/# classé #/Rihanna/Music of the sun/' due to no change
12:10:05 T:3436 DEBUG: MUSIC_INFO::CMusicInfoScanner::DoScan Skipping dir 'smb://CS407/music/# classé #/Rihanna/Rated R/' due to no change
12:10:05 T:3436 DEBUG: MUSIC_INFO::CMusicInfoScanner::DoScan Skipping dir 'smb://CS407/music/# classé #/Rihanna/Talk That Talk/' due to no change
12:10:05 T:3436 DEBUG: MUSIC_INFO::CMusicInfoScanner::DoScan Skipping dir 'smb://CS407/music/# classé #/Rihanna/The Good Girl Gone Bad/' due to no change
12:10:05 T:3436 DEBUG: MUSIC_INFO::CMusicInfoScanner::DoScan Skipping dir 'smb://CS407/music/# classé #/Robbie Williams/' due to no change
12:10:05 T:3436 DEBUG: MUSIC_INFO::CMusicInfoScanner::DoScan Skipping dir 'smb://CS407/music/# classé #/Robbie Williams/Intensive Care/' due to no change
12:10:05 T:3416 DEBUG: VideoInfoScanner: No (new) information was found in dir smb://CS407/video/## Series ##/Breaking bad/
12:10:05 T:3436 DEBUG: MUSIC_INFO::CMusicInfoScanner::DoScan Skipping dir 'smb://CS407/music/# classé #/Robbie Williams/Reality Killed The Video Star/' due to no change
12:10:05 T:3436 DEBUG: MUSIC_INFO::CMusicInfoScanner::DoScan Skipping dir 'smb://CS407/music/# classé #/Ruppina/' due to no change
12:10:06 T:3436 DEBUG: MUSIC_INFO::CMusicInfoScanner::DoScan Skipping dir 'smb://CS407/music/# classé #/Ruppina/Ruppina II/' due to no change
12:10:06 T:3436 DEBUG: MUSIC_INFO::CMusicInfoScanner::DoScan Skipping dir 'smb://CS407/music/# classé #/Rurutia/' due to no change
12:10:06 T:3416 DEBUG: VideoInfoScanner: No (new) information was found in dir smb://CS407/video/## Series ##/Breakout Kings/
12:10:06 T:3436 DEBUG: MUSIC_INFO::CMusicInfoScanner::DoScan Skipping dir 'smb://CS407/music/# classé #/Rurutia/Promise land/' due to no change
12:10:06 T:3436 DEBUG: MUSIC_INFO::CMusicInfoScanner::DoScan Skipping dir 'smb://CS407/music/# classé #/Saez/' due to no change
12:10:06 T:3716 DEBUG: JSONRPC: Incoming request: {"jsonrpc":"2.0", "id":"1", "method":"Files.GetDirectory", "params":{"directory":"videodb://1/5/", "sort":{"method":"label", "order":"ascending"}}}
12:10:06 T:3716 DEBUG: JSONRPC: Calling files.getdirectory
12:10:06 T:3716 DEBUG: CUtil::GetMatchingSource: no matching source found for [videodb://1/5/]
12:10:06 T:3716 DEBUG: Previous line repeats 4 times.
12:10:06 T:3716 DEBUG: CVideoDatabase::GetPeopleNav - query took 9 ms
12:10:06 T:3716 DEBUG: CVideoDatabase::GetPeopleNav item retrieval took 1 ms
12:10:06 T:3436 DEBUG: MUSIC_INFO::CMusicInfoScanner::DoScan Skipping dir 'smb://CS407/music/# classé #/Saez/Jours Etranges/' due to no change
12:10:06 T:3436 DEBUG: MUSIC_INFO::CMusicInfoScanner::DoScan Skipping dir 'smb://CS407/music/# classé #/Sambomaster/' due to no change
12:10:06 T:3716 DEBUG: JSONRPC: Incoming request: {"jsonrpc":"2.0", "id":"1", "method":"Files.GetDirectory", "params":{"directory":"videodb://2/4/", "sort":{"method":"label", "order":"ascending"}}}
12:10:06 T:3716 DEBUG: JSONRPC: Calling files.getdirectory
12:10:06 T:3716 DEBUG: CUtil::GetMatchingSource: no matching source found for [videodb://2/4/]
12:10:06 T:3716 DEBUG: Previous line repeats 4 times.
12:10:06 T:3716 DEBUG: CVideoDatabase::GetPeopleNav - query took 13 ms
12:10:06 T:3716 DEBUG: CVideoDatabase::GetPeopleNav item retrieval took 11 ms
12:10:06 T:3436 DEBUG: MUSIC_INFO::CMusicInfoScanner::DoScan Skipping dir 'smb://CS407/music/# classé #/Sambomaster/wa kimi ni katarikakeru/' due to no change
12:10:06 T:3436 DEBUG: MUSIC_INFO::CMusicInfoScanner::DoScan Skipping dir 'smb://CS407/music/# classé #/Saya/' due to no change
12:10:06 T:3436 DEBUG: MUSIC_INFO::CMusicInfoScanner::DoScan Skipping dir 'smb://CS407/music/# classé #/Saya/dis l'heure 2 rimes/' due to no change
12:10:06 T:3436 DEBUG: MUSIC_INFO::CMusicInfoScanner::DoScan Skipping dir 'smb://CS407/music/# classé #/Sean Kingston/' due to no change
12:10:06 T:3416 DEBUG: VideoInfoScanner: No (new) information was found in dir smb://CS407/video/## Series ##/Bref/
12:10:06 T:3436 DEBUG: MUSIC_INFO::CMusicInfoScanner::DoScan Skipping dir 'smb://CS407/music/# classé #/Sean Kingston/Tomorrow/' due to no change
12:10:06 T:3436 DEBUG: MUSIC_INFO::CMusicInfoScanner::DoScan Skipping dir 'smb://CS407/music/# classé #/Sean Paul/' due to no change
12:10:06 T:3436 DEBUG: MUSIC_INFO::CMusicInfoScanner::DoScan Skipping dir 'smb://CS407/music/# classé #/Sean Paul/Tomahawk Technique/' due to no change
12:10:06 T:3428 DEBUG: JSONRPC: Incoming request: {"jsonrpc":"2.0", "id":"1", "method":"Files.GetDirectory", "params":{"directory":"videodb://1/4/", "sort":{"method":"label", "order":"ascending"}}}
12:10:06 T:3428 DEBUG: JSONRPC: Calling files.getdirectory
12:10:06 T:3428 DEBUG: CUtil::GetMatchingSource: no matching source found for [videodb://1/4/]
12:10:06 T:3428 DEBUG: Previous line repeats 4 times.
12:10:06 T:3428 DEBUG: CVideoDatabase::GetPeopleNav - query took 28 ms
12:10:06 T:3436 DEBUG: MUSIC_INFO::CMusicInfoScanner::DoScan Skipping dir 'smb://CS407/music/# classé #/Sexion d'Assaut/' due to no change
12:10:06 T:3428 DEBUG: CVideoDatabase::GetPeopleNav item retrieval took 38 ms
12:10:06 T:3436 DEBUG: MUSIC_INFO::CMusicInfoScanner::DoScan Skipping dir 'smb://CS407/music/# classé #/Sexion d'Assaut/L'Apogée/' due to no change
12:10:06 T:3436 DEBUG: MUSIC_INFO::CMusicInfoScanner::DoScan Skipping dir 'smb://CS407/music/# classé #/Sexion d'Assaut/L'école Des Points Vitaux/' due to no change
12:10:06 T:3436 DEBUG: MUSIC_INFO::CMusicInfoScanner::DoScan Skipping dir 'smb://CS407/music/# classé #/Sexion d'Assaut/Les Chroniques Du 75, En Attendant L'Apogée/' due to no change
12:10:07 T:3416 DEBUG: VideoInfoScanner: No (new) information was found in dir smb://CS407/video/## Series ##/Burn notice/
12:10:07 T:3436 DEBUG: MUSIC_INFO::CMusicInfoScanner::DoScan Skipping dir 'smb://CS407/music/# classé #/Shakira/' due to no change
12:10:07 T:3436 DEBUG: MUSIC_INFO::CMusicInfoScanner::DoScan Skipping dir 'smb://CS407/music/# classé #/Shakira/Laundry Service/' due to no change
12:10:07 T:3436 DEBUG: MUSIC_INFO::CMusicInfoScanner::DoScan Skipping dir 'smb://CS407/music/# classé #/Shakira/Sale el sol/' due to no change
12:10:07 T:3436 DEBUG: MUSIC_INFO::CMusicInfoScanner::DoScan Skipping dir 'smb://CS407/music/# classé #/Shakira/She wolf/' due to no change
12:10:07 T:3436 DEBUG: MUSIC_INFO::CMusicInfoScanner::DoScan Skipping dir 'smb://CS407/music/# classé #/Shakira/Waka Waka (MCD)/' due to no change
12:10:07 T:3436 DEBUG: MUSIC_INFO::CMusicInfoScanner::DoScan Skipping dir 'smb://CS407/music/# classé #/Sheryfa Luna/' due to no change
12:10:07 T:3436 DEBUG: MUSIC_INFO::CMusicInfoScanner::DoScan Skipping dir 'smb://CS407/music/# classé #/Sheryfa Luna/Sheryfa Luna/' due to no change
12:10:07 T:3436 DEBUG: MUSIC_INFO::CMusicInfoScanner::DoScan Skipping dir 'smb://CS407/music/# classé #/Sheryl Crow/' due to no change
12:10:07 T:3436 DEBUG: MUSIC_INFO::CMusicInfoScanner::DoScan Skipping dir 'smb://CS407/music/# classé #/Sheryl Crow/c'mon, c'mon/' due to no change
12:10:07 T:3436 DEBUG: MUSIC_INFO::CMusicInfoScanner::DoScan Skipping dir 'smb://CS407/music/# classé #/Shocking lemon/' due to no change
12:10:07 T:3436 DEBUG: MUSIC_INFO::CMusicInfoScanner::DoScan Skipping dir 'smb://CS407/music/# classé #/Shocking lemon/Sometimes Alone/' due to no change
12:10:07 T:3436 DEBUG: MUSIC_INFO::CMusicInfoScanner::DoScan Skipping dir 'smb://CS407/music/# classé #/Shy'm/' due to no change
12:10:07 T:3416 DEBUG: VideoInfoScanner: No (new) information was found in dir smb://CS407/video/## Series ##/Californication/
12:10:07 T:3436 DEBUG: MUSIC_INFO::CMusicInfoScanner::DoScan Skipping dir 'smb://CS407/music/# classé #/Shy'm/Prendre L'air/' due to no change
12:10:07 T:3436 DEBUG: MUSIC_INFO::CMusicInfoScanner::DoScan Skipping dir 'smb://CS407/music/# classé #/Shy'm/Reflets/' due to no change
12:10:07 T:3436 DEBUG: MUSIC_INFO::CMusicInfoScanner::DoScan Skipping dir 'smb://CS407/music/# classé #/Sia/' due to no change
12:10:08 T:3416 DEBUG: VideoInfoScanner: No (new) information was found in dir smb://CS407/video/## Series ##/Call me Fitz/
12:10:08 T:3436 DEBUG: MUSIC_INFO::CMusicInfoScanner::DoScan Skipping dir 'smb://CS407/music/# classé #/Sia/We are born/' due to no change
12:10:08 T:3716 DEBUG: JSONRPC: Incoming request: {"jsonrpc":"2.0", "id":"1", "method":"Files.GetDirectory", "params":{"directory":"videodb://3/4/", "sort":{"method":"label", "order":"ascending"}}}
12:10:08 T:3716 DEBUG: JSONRPC: Calling files.getdirectory
12:10:08 T:3716 DEBUG: CUtil::GetMatchingSource: no matching source found for [videodb://3/4/]
12:10:08 T:3716 DEBUG: Previous line repeats 4 times.
12:10:08 T:3716 DEBUG: CVideoDatabase::GetPeopleNav - query took 2 ms
12:10:08 T:3436 DEBUG: MUSIC_INFO::CMusicInfoScanner::DoScan Skipping dir 'smb://CS407/music/# classé #/Sinik/' due to no change
12:10:08 T:3716 DEBUG: JSONRPC: Incoming request: {"jsonrpc":"2.0", "id":"1", "method":"Files.GetDirectory", "params":{"directory":"musicdb://2/", "sort":{"method":"label", "order":"ascending"}}}
12:10:08 T:3716 DEBUG: JSONRPC: Calling files.getdirectory
12:10:08 T:3716 DEBUG: CUtil::GetMatchingSource: no matching source found for [musicdb://2/]
12:10:08 T:3716 DEBUG: Previous line repeats 4 times.
12:10:08 T:3716 DEBUG: CMusicDatabase::GetArtistsNav query: select * from artist where (idArtist IN (select song.idArtist from song) or idArtist IN (select exartistsong.idArtist from exartistsong) or idArtist IN (select album.idArtist from album) or idArtist IN (select exartistalbum.idArtist from exartistalbum )) and artist.strArtist != "" and artist.idArtist<>293
12:10:08 T:3716 DEBUG: Time to retrieve artists from dataset = 47
12:10:08 T:3436 DEBUG: MUSIC_INFO::CMusicInfoScanner::DoScan Skipping dir 'smb://CS407/music/# classé #/Sinik/La main sur le coeur/' due to no change
12:10:08 T:3436 DEBUG: MUSIC_INFO::CMusicInfoScanner::DoScan Skipping dir 'smb://CS407/music/# classé #/Sinik/Sang froid/' due to no change
12:10:08 T:3436 DEBUG: MUSIC_INFO::CMusicInfoScanner::DoScan Skipping dir 'smb://CS407/music/# classé #/Sister Mayo/' due to no change
12:10:08 T:3436 DEBUG: MUSIC_INFO::CMusicInfoScanner::DoScan Skipping dir 'smb://CS407/music/# classé #/Sister Mayo/Love Tropicana/' due to no change
12:10:08 T:3416 DEBUG: VideoInfoScanner: No (new) information was found in dir smb://CS407/video/## Series ##/Caprica/
12:10:08 T:3436 DEBUG: MUSIC_INFO::CMusicInfoScanner::DoScan Skipping dir 'smb://CS407/music/# classé #/Sniper/' due to no change
12:10:08 T:3436 DEBUG: MUSIC_INFO::CMusicInfoScanner::DoScan Skipping dir 'smb://CS407/music/# classé #/Sniper/Trait pour trait/' due to no change
12:10:08 T:3436 DEBUG: MUSIC_INFO::CMusicInfoScanner::DoScan Skipping dir 'smb://CS407/music/# classé #/Snoop Dogg/' due to no change
12:10:08 T:3436 DEBUG: MUSIC_INFO::CMusicInfoScanner::DoScan Skipping dir 'smb://CS407/music/# classé #/Snoop Dogg/Doggumentary/' due to no change
12:10:08 T:3436 DEBUG: MUSIC_INFO::CMusicInfoScanner::DoScan Skipping dir 'smb://CS407/music/# classé #/Sofia Essaidi/' due to no change
12:10:08 T:3436 DEBUG: MUSIC_INFO::CMusicInfoScanner::DoScan Skipping dir 'smb://CS407/music/# classé #/Sofia Essaidi/Cléopâtre La Dernière Reine D'Egypte/' due to no change
12:10:08 T:3416 DEBUG: VideoInfoScanner: No (new) information was found in dir smb://CS407/video/## Series ##/Castle/
12:10:08 T:3436 DEBUG: MUSIC_INFO::CMusicInfoScanner::DoScan Skipping dir 'smb://CS407/music/# classé #/SoltyRei/' due to no change
12:10:08 T:3436 DEBUG: MUSIC_INFO::CMusicInfoScanner::DoScan Skipping dir 'smb://CS407/music/# classé #/SoltyRei/SoltyRei/' due to no change
12:10:08 T:3512 INFO: Scriptresult: Success
12:10:08 T:3512 INFO: Python script stopped
12:10:08 T:3512 DEBUG: Thread XBPyThread 3512 terminating
12:10:08 T:2700 DEBUG: waiting for python thread 7 to stop
12:10:08 T:2700 DEBUG: python thread 7 destructed
12:10:08 T:3436 DEBUG: MUSIC_INFO::CMusicInfoScanner::DoScan Skipping dir 'smb://CS407/music/# classé #/Sophie Ellis Bextor/' due to no change
12:10:08 T:3508 DEBUG: CZipManager::GetZipList - Processing zip://special%3a%2f%2fxbmc%2fmedia%2fweather%2ezip/
12:10:08 T:3436 DEBUG: MUSIC_INFO::CMusicInfoScanner::DoScan Skipping dir 'smb://CS407/music/# classé #/Sophie Ellis Bextor/Read my lips/' due to no change
12:10:09 T:3436 DEBUG: MUSIC_INFO::CMusicInfoScanner::DoScan Skipping dir 'smb://CS407/music/# classé #/Spiller/' due to no change
12:10:09 T:3436 DEBUG: MUSIC_INFO::CMusicInfoScanner::DoScan Skipping dir 'smb://CS407/music/# classé #/Spiller/Groovejet/' due to no change
12:10:09 T:3436 DEBUG: MUSIC_INFO::CMusicInfoScanner::DoScan Skipping dir 'smb://CS407/music/# classé #/Stance Punks/' due to no change
12:10:09 T:3436 DEBUG: MUSIC_INFO::CMusicInfoScanner::DoScan Skipping dir 'smb://CS407/music/# classé #/Stance Punks/Howling Idol/' due to no change
12:10:09 T:3436 DEBUG: MUSIC_INFO::CMusicInfoScanner::DoScan Skipping dir 'smb://CS407/music/# classé #/SuG/' due to no change
12:10:09 T:3428 DEBUG: JSONRPC: Incoming request: {"jsonrpc":"2.0", "id":"1", "method":"Files.GetDirectory", "params":{"directory":"videodb://1/5/", "sort":{"method":"label", "order":"ascending"}}}
12:10:09 T:3428 DEBUG: JSONRPC: Calling files.getdirectory
12:10:09 T:3428 DEBUG: CUtil::GetMatchingSource: no matching source found for [videodb://1/5/]
12:10:09 T:3428 DEBUG: Previous line repeats 4 times.
12:10:09 T:3428 DEBUG: CVideoDatabase::GetPeopleNav - query took 8 ms
12:10:09 T:3428 DEBUG: CVideoDatabase::GetPeopleNav item retrieval took 1 ms
12:10:09 T:3436 DEBUG: MUSIC_INFO::CMusicInfoScanner::DoScan Skipping dir 'smb://CS407/music/# classé #/SuG/Thrill Ride Pirates/' due to no change
12:10:09 T:3428 DEBUG: JSONRPC: Incoming request: {"jsonrpc":"2.0", "id":"1", "method":"Files.GetDirectory", "params":{"directory":"videodb://2/4/", "sort":{"method":"label", "order":"ascending"}}}
12:10:09 T:3428 DEBUG: JSONRPC: Calling files.getdirectory
12:10:09 T:3428 DEBUG: CUtil::GetMatchingSource: no matching source found for [videodb://2/4/]
12:10:09 T:3428 DEBUG: Previous line repeats 4 times.
12:10:09 T:3428 DEBUG: CVideoDatabase::GetPeopleNav - query took 14 ms
12:10:09 T:3428 DEBUG: CVideoDatabase::GetPeopleNav item retrieval took 10 ms
12:10:09 T:3436 DEBUG: MUSIC_INFO::CMusicInfoScanner::DoScan Skipping dir 'smb://CS407/music/# classé #/Sugababes/' due to no change
12:10:09 T:3436 DEBUG: MUSIC_INFO::CMusicInfoScanner::DoScan Skipping dir 'smb://CS407/music/# classé #/Sugababes/Change/' due to no change
12:10:09 T:3436 DEBUG: MUSIC_INFO::CMusicInfoScanner::DoScan Skipping dir 'smb://CS407/music/# classé #/Sugababes/Taller In More Ways/' due to no change
12:10:09 T:3436 DEBUG: MUSIC_INFO::CMusicInfoScanner::DoScan Skipping dir 'smb://CS407/music/# classé #/Sum 41/' due to no change
12:10:09 T:3416 DEBUG: VideoInfoScanner: No (new) information was found in dir smb://CS407/video/## Series ##/Chuck/
12:10:09 T:3436 DEBUG: MUSIC_INFO::CMusicInfoScanner::DoScan Skipping dir 'smb://CS407/music/# classé #/Sum 41/Does This Look Infected/' due to no change
12:10:09 T:3436 DEBUG: MUSIC_INFO::CMusicInfoScanner::DoScan Skipping dir 'smb://CS407/music/# classé #/Sunbrain/' due to no change
12:10:09 T:3436 DEBUG: MUSIC_INFO::CMusicInfoScanner::DoScan Skipping dir 'smb://CS407/music/# classé #/Sunbrain/Emotion/' due to no change
12:10:09 T:3436 DEBUG: MUSIC_INFO::CMusicInfoScanner::DoScan Skipping dir 'smb://CS407/music/# classé #/Survivor/' due to no change
12:10:09 T:3436 DEBUG: MUSIC_INFO::CMusicInfoScanner::DoScan Skipping dir 'smb://CS407/music/# classé #/Survivor/Rocky IV/' due to no change
12:10:09 T:3428 DEBUG: JSONRPC: Incoming request: {"jsonrpc":"2.0", "id":"1", "method":"Files.GetDirectory", "params":{"directory":"videodb://3/4/", "sort":{"method":"label", "order":"ascending"}}}
12:10:09 T:3428 DEBUG: JSONRPC: Calling files.getdirectory
12:10:09 T:3428 DEBUG: CUtil::GetMatchingSource: no matching source found for [videodb://3/4/]
12:10:09 T:3428 DEBUG: Previous line repeats 4 times.
12:10:09 T:3428 DEBUG: CVideoDatabase::GetPeopleNav - query took 2 ms
12:10:09 T:3428 DEBUG: JSONRPC: Incoming request: {"jsonrpc":"2.0", "id":"1", "method":"Files.GetDirectory", "params":{"directory":"musicdb://2/", "sort":{"method":"label", "order":"ascending"}}}
12:10:09 T:3428 DEBUG: JSONRPC: Calling files.getdirectory
12:10:09 T:3428 DEBUG: CUtil::GetMatchingSource: no matching source found for [musicdb://2/]
12:10:09 T:3428 DEBUG: Previous line repeats 4 times.
12:10:09 T:3428 DEBUG: CMusicDatabase::GetArtistsNav query: select * from artist where (idArtist IN (select song.idArtist from song) or idArtist IN (select exartistsong.idArtist from exartistsong) or idArtist IN (select album.idArtist from album) or idArtist IN (select exartistalbum.idArtist from exartistalbum )) and artist.strArtist != "" and artist.idArtist<>293
12:10:09 T:3428 DEBUG: Time to retrieve artists from dataset = 45
12:10:09 T:3436 DEBUG: MUSIC_INFO::CMusicInfoScanner::DoScan Skipping dir 'smb://CS407/music/# classé #/T.M.Revolution/' due to no change
12:10:09 T:3436 DEBUG: MUSIC_INFO::CMusicInfoScanner::DoScan Skipping dir 'smb://CS407/music/# classé #/T.M.Revolution/Cloud Nine/' due to no change
12:10:10 T:3436 DEBUG: MUSIC_INFO::CMusicInfoScanner::DoScan Skipping dir 'smb://CS407/music/# classé #/THYME/' due to no change
12:10:10 T:3436 DEBUG: MUSIC_INFO::CMusicInfoScanner::DoScan Skipping dir 'smb://CS407/music/# classé #/THYME/forever we can make it/' due to no change
12:10:10 T:3416 DEBUG: VideoInfoScanner: No (new) information was found in dir smb://CS407/video/## Series ##/Cougar town/
12:10:10 T:3436 DEBUG: MUSIC_INFO::CMusicInfoScanner::DoScan Skipping dir 'smb://CS407/music/# classé #/TLC/' due to no change
12:10:10 T:3436 DEBUG: MUSIC_INFO::CMusicInfoScanner::DoScan Skipping dir 'smb://CS407/music/# classé #/TLC/Crazysexycool/' due to no change
12:10:10 T:3436 DEBUG: MUSIC_INFO::CMusicInfoScanner::DoScan Skipping dir 'smb://CS407/music/# classé #/TLC/Fanmail/' due to no change
12:10:10 T:3436 DEBUG: MUSIC_INFO::CMusicInfoScanner::DoScan Skipping dir 'smb://CS407/music/# classé #/TLF/' due to no change
12:10:10 T:3416 DEBUG: VideoInfoScanner: No (new) information was found in dir smb://CS407/video/## Series ##/Covert Affairs/
12:10:10 T:3436 DEBUG: MUSIC_INFO::CMusicInfoScanner::DoScan Skipping dir 'smb://CS407/music/# classé #/TLF/Renaissance/' due to no change
12:10:10 T:3436 DEBUG: MUSIC_INFO::CMusicInfoScanner::DoScan Skipping dir 'smb://CS407/music/# classé #/Tackey & Tsubasa/' due to no change
12:10:10 T:3436 DEBUG: MUSIC_INFO::CMusicInfoScanner::DoScan Skipping dir 'smb://CS407/music/# classé #/Tackey & Tsubasa/Best/' due to no change
12:10:10 T:3436 DEBUG: MUSIC_INFO::CMusicInfoScanner::DoScan Skipping dir 'smb://CS407/music/# classé #/Tackey & Tsubasa/Venus/' due to no change
12:10:10 T:3436 DEBUG: MUSIC_INFO::CMusicInfoScanner::DoScan Skipping dir 'smb://CS407/music/# classé #/Taio Cruz/' due to no change
12:10:10 T:3436 DEBUG: MUSIC_INFO::CMusicInfoScanner::DoScan Skipping dir 'smb://CS407/music/# classé #/Taio Cruz/Rokstarr/' due to no change
12:10:10 T:3436 DEBUG: MUSIC_INFO::CMusicInfoScanner::DoScan Skipping dir 'smb://CS407/music/# classé #/Taio Cruz/TY.O/' due to no change
12:10:10 T:3436 DEBUG: MUSIC_INFO::CMusicInfoScanner::DoScan Skipping dir 'smb://CS407/music/# classé #/Tal/' due to no change
12:10:10 T:3436 DEBUG: MUSIC_INFO::CMusicInfoScanner::DoScan Skipping dir 'smb://CS407/music/# classé #/Tal/Le droit de rever/' due to no change
12:10:10 T:3436 DEBUG: MUSIC_INFO::CMusicInfoScanner::DoScan Skipping dir 'smb://CS407/music/# classé #/Texas/' due to no change
12:10:10 T:3436 DEBUG: MUSIC_INFO::CMusicInfoScanner::DoScan Skipping dir 'smb://CS407/music/# classé #/Texas/The Greatest Hits/' due to no change
12:10:10 T:3436 DEBUG: MUSIC_INFO::CMusicInfoScanner::DoScan Skipping dir 'smb://CS407/music/# classé #/The Babystars/' due to no change
12:10:10 T:3416 DEBUG: VideoInfoScanner: No (new) information was found in dir smb://CS407/video/## Series ##/Damages/
12:10:10 T:3436 DEBUG: MUSIC_INFO::CMusicInfoScanner::DoScan Skipping dir 'smb://CS407/music/# classé #/The Babystars/Bebisuta/' due to no change
12:10:10 T:3436 DEBUG: MUSIC_INFO::CMusicInfoScanner::DoScan Skipping dir 'smb://CS407/music/# classé #/The Black Eyed Peas/' due to no change
12:10:10 T:3416 DEBUG: VideoInfoScanner: No (new) information was found in dir smb://CS407/video/## Series ##/Death valley/
12:10:10 T:3436 DEBUG: MUSIC_INFO::CMusicInfoScanner::DoScan Skipping dir 'smb://CS407/music/# classé #/The Black Eyed Peas/Elephunk/' due to no change
12:10:10 T:3436 DEBUG: MUSIC_INFO::CMusicInfoScanner::DoScan Skipping dir 'smb://CS407/music/# classé #/The Black Eyed Peas/Monkey business/' due to no change
12:10:11 T:3428 NOTICE: Service: 11934 actors took 17.91100001335144
12:10:11 T:3428 INFO: Scriptresult: Success
12:10:11 T:3428 INFO: Python script stopped
12:10:11 T:3428 DEBUG: Thread XBPyThread 3428 terminating
12:10:11 T:2700 DEBUG: waiting for python thread 2 to stop
12:10:11 T:2700 DEBUG: python thread 2 destructed
12:10:11 T:2700 DEBUG: started alarm with name: actors.service
12:10:11 T:3204 DEBUG: Thread CAlarmClock start, auto delete: 0
12:10:11 T:3436 DEBUG: MUSIC_INFO::CMusicInfoScanner::DoScan Skipping dir 'smb://CS407/music/# classé #/The Black Eyed Peas/The Biginning/' due to no change
12:10:11 T:3536 NOTICE: Loading PlaylistRandomMovie started at 2012-05-05
12:09:59 and take 11.534s
12:10:11 T:3536 INFO: Scriptresult: Success
12:10:11 T:3536 INFO: Python script stopped
12:10:11 T:3536 DEBUG: Thread XBPyThread 3536 terminating
12:10:11 T:2700 DEBUG: waiting for python thread 13 to stop
12:10:11 T:2700 DEBUG: python thread 13 destructed
12:10:11 T:3532 NOTICE: Loading PlaylistLastMovie started at 2012-05-05
12:09:56 and take 15.067s
12:10:11 T:3532 INFO: Scriptresult: Success
12:10:11 T:3532 INFO: Python script stopped
12:10:11 T:3532 DEBUG: Thread XBPyThread 3532 terminating
12:10:11 T:3436 DEBUG: MUSIC_INFO::CMusicInfoScanner::DoScan Skipping dir 'smb://CS407/music/# classé #/The Black Eyed Peas/The E.N.D/' due to no change
12:10:11 T:2700 DEBUG: waiting for python thread 12 to stop
12:10:11 T:2700 DEBUG: python thread 12 destructed
12:10:11 T:3436 DEBUG: MUSIC_INFO::CMusicInfoScanner::DoScan Skipping dir 'smb://CS407/music/# classé #/The Corrs/' due to no change
12:10:11 T:3436 DEBUG: MUSIC_INFO::CMusicInfoScanner::DoScan Skipping dir 'smb://CS407/music/# classé #/The Corrs/Dreams/' due to no change
12:10:11 T:3436 DEBUG: MUSIC_INFO::CMusicInfoScanner::DoScan Skipping dir 'smb://CS407/music/# classé #/The Offspring/' due to no change
12:10:11 T:3436 DEBUG: MUSIC_INFO::CMusicInfoScanner::DoScan Skipping dir 'smb://CS407/music/# classé #/The Offspring/Americana/' due to no change
12:10:11 T:3436 DEBUG: MUSIC_INFO::CMusicInfoScanner::DoScan Skipping dir 'smb://CS407/music/# classé #/The Offspring/Smash/' due to no change
12:10:11 T:3436 DEBUG: MUSIC_INFO::CMusicInfoScanner::DoScan Skipping dir 'smb://CS407/music/# classé #/The Potbelleez/' due to no change
12:10:11 T:3436 DEBUG: MUSIC_INFO::CMusicInfoScanner::DoScan Skipping dir 'smb://CS407/music/# classé #/The Potbelleez/Destination Now/' due to no change
12:10:11 T:3436 DEBUG: MUSIC_INFO::CMusicInfoScanner::DoScan Skipping dir 'smb://CS407/music/# classé #/The Pussycat Dolls/' due to no change
12:10:11 T:3436 DEBUG: MUSIC_INFO::CMusicInfoScanner::DoScan Skipping dir 'smb://CS407/music/# classé #/The Pussycat Dolls/Doll domination 2.0/' due to no change
12:10:11 T:3436 DEBUG: MUSIC_INFO::CMusicInfoScanner::DoScan Skipping dir 'smb://CS407/music/# classé #/The Pussycat Dolls/PCD/' due to no change
12:10:11 T:3436 DEBUG: MUSIC_INFO::CMusicInfoScanner::DoScan Skipping dir 'smb://CS407/music/# classé #/The Rasmus/' due to no change
12:10:11 T:3436 DEBUG: MUSIC_INFO::CMusicInfoScanner::DoScan Skipping dir 'smb://CS407/music/# classé #/The Rasmus/Dead Letters/' due to no change
12:10:11 T:3436 DEBUG: MUSIC_INFO::CMusicInfoScanner::DoScan Skipping dir 'smb://CS407/music/# classé #/The Rootless/' due to no change
12:10:11 T:3436 DEBUG: MUSIC_INFO::CMusicInfoScanner::DoScan Skipping dir 'smb://CS407/music/# classé #/The Rootless/The Rootless/' due to no change
12:10:11 T:3436 DEBUG: MUSIC_INFO::CMusicInfoScanner::DoScan Skipping dir 'smb://CS407/music/# classé #/The Veronicas/' due to no change
12:10:11 T:3436 DEBUG: MUSIC_INFO::CMusicInfoScanner::DoScan Skipping dir 'smb://CS407/music/# classé #/The Veronicas/Hook Me Up/' due to no change
12:10:11 T:3416 DEBUG: VideoInfoScanner: No (new) information was found in dir smb://CS407/video/## Series ##/Desperate housewive/
12:10:11 T:3436 DEBUG: MUSIC_INFO::CMusicInfoScanner::DoScan Skipping dir 'smb://CS407/music/# classé #/The Veronicas/The Secret Life of the Veronicas/' due to no change
12:10:12 T:3436 DEBUG: MUSIC_INFO::CMusicInfoScanner::DoScan Skipping dir 'smb://CS407/music/# classé #/Tiesto/' due to no change
12:10:12 T:3436 DEBUG: MUSIC_INFO::CMusicInfoScanner::DoScan Skipping dir 'smb://CS407/music/# classé #/Tiesto/Manos al aire/' due to no change
12:10:12 T:3436 DEBUG: MUSIC_INFO::CMusicInfoScanner::DoScan Skipping dir 'smb://CS407/music/# classé #/Timbaland/' due to no change
12:10:12 T:3436 DEBUG: MUSIC_INFO::CMusicInfoScanner::DoScan Skipping dir 'smb://CS407/music/# classé #/Timbaland/Shock value/' due to no change
12:10:12 T:3436 DEBUG: MUSIC_INFO::CMusicInfoScanner::DoScan Skipping dir 'smb://CS407/music/# classé #/Timbaland/Shock value 2/' due to no change
12:10:12 T:3436 DEBUG: MUSIC_INFO::CMusicInfoScanner::DoScan Skipping dir 'smb://CS407/music/# classé #/Tina Arena/' due to no change
12:10:12 T:3436 DEBUG: MUSIC_INFO::CMusicInfoScanner::DoScan Skipping dir 'smb://CS407/music/# classé #/Tina Arena/Un autre univers/' due to no change
12:10:12 T:3436 DEBUG: MUSIC_INFO::CMusicInfoScanner::DoScan Skipping dir 'smb://CS407/music/# classé #/Tinie Tempah/' due to no change
12:10:12 T:3436 DEBUG: MUSIC_INFO::CMusicInfoScanner::DoScan Skipping dir 'smb://CS407/music/# classé #/Tinie Tempah/Disc-Overy/' due to no change
12:10:12 T:3436 DEBUG: MUSIC_INFO::CMusicInfoScanner::DoScan Skipping dir 'smb://CS407/music/# classé #/Tommy heavenly6/' due to no change
12:10:12 T:3436 DEBUG: MUSIC_INFO::CMusicInfoScanner::DoScan Skipping dir 'smb://CS407/music/# classé #/Tommy heavenly6/Gothic Melting Ice Cream's Darkness Nigh/' due to no change
