22:59:38 T:3484 DEBUG: Testing path: [126] rar://smb%3a%2f%2fMINI%2dMOUFLO%2dPC%2fD%2f%23%23%20Utorrent%20Download%20%23%23%2fUBEL%20BLATT%20T01%2d10%20FR%2erar/
22:59:38 T:3484 DEBUG: Testing path: [127] smb://MINI-MOUFLO-PC/D/## Utorrent Download ##/ZZ 1-25-12/
22:59:38 T:3484 DEBUG: Testing path: [128] smb://MINI-MOUFLO-PC/D/## Utorrent Download ##/ZZ 2-21-12/
22:59:38 T:3484 DEBUG: Testing path: [129] smb://MINI-MOUFLO-PC/D/## Utorrent Download ##/ZZ 2-23-12/
22:59:38 T:3484 DEBUG: CMultiPathDirectory::MergeItems, items = 267, took 3 ms
22:59:38 T:3472 DEBUG: MUSIC_INFO::CMusicInfoScanner::DoScan Skipping dir 'smb://CS407/music/# classé #/Amy MacDonald/This Is the Life/' due to no change
22:59:38 T:1100 DEBUG: ------ Window Deinit (DialogProgress.xml) ------
22:59:38 T:3472 DEBUG: MUSIC_INFO::CMusicInfoScanner::DoScan Skipping dir 'smb://CS407/music/# classé #/Anais/' due to no change
22:59:38 T:3468 DEBUG: VideoInfoScanner: No (new) information was found in dir smb://CS407/video/# Manga #/Groove adventure Rave/
22:59:38 T:3472 DEBUG: MUSIC_INFO::CMusicInfoScanner::DoScan Skipping dir 'smb://CS407/music/# classé #/Anais/The cheap show/' due to no change
22:59:39 T:3472 DEBUG: MUSIC_INFO::CMusicInfoScanner::DoScan Skipping dir 'smb://CS407/music/# classé #/Anais/The love album/' due to no change
22:59:39 T:3472 DEBUG: MUSIC_INFO::CMusicInfoScanner::DoScan Skipping dir 'smb://CS407/music/# classé #/Anastacia/' due to no change
22:59:39 T:3472 DEBUG: MUSIC_INFO::CMusicInfoScanner::DoScan Skipping dir 'smb://CS407/music/# classé #/Anastacia/Left Outside Alone/' due to no change
22:59:39 T:3472 DEBUG: MUSIC_INFO::CMusicInfoScanner::DoScan Skipping dir 'smb://CS407/music/# classé #/Anggun/' due to no change
22:59:39 T:3472 DEBUG: MUSIC_INFO::CMusicInfoScanner::DoScan Skipping dir 'smb://CS407/music/# classé #/Anggun/Luminescence/' due to no change
22:59:39 T:3468 DEBUG: VideoInfoScanner: No (new) information was found in dir smb://CS407/video/# Manga #/Hajime No Ippo/
22:59:39 T:3472 DEBUG: MUSIC_INFO::CMusicInfoScanner::DoScan Skipping dir 'smb://CS407/music/# classé #/Arsenik/' due to no change
22:59:39 T:3472 DEBUG: MUSIC_INFO::CMusicInfoScanner::DoScan Skipping dir 'smb://CS407/music/# classé #/Arsenik/Quelques Gouttes Suffisent/' due to no change
22:59:39 T:3472 DEBUG: MUSIC_INFO::CMusicInfoScanner::DoScan Skipping dir 'smb://CS407/music/# classé #/Asian kung-fu generation/' due to no change
22:59:39 T:3472 DEBUG: MUSIC_INFO::CMusicInfoScanner::DoScan Skipping dir 'smb://CS407/music/# classé #/Asian kung-fu generation/Houkai Amplifier/' due to no change
22:59:39 T:3472 DEBUG: MUSIC_INFO::CMusicInfoScanner::DoScan Skipping dir 'smb://CS407/music/# classé #/Asian kung-fu generation/Sol Fa/' due to no change
22:59:39 T:3472 DEBUG: MUSIC_INFO::CMusicInfoScanner::DoScan Skipping dir 'smb://CS407/music/# classé #/Atomic Kitten/' due to no change
22:59:40 T:3472 DEBUG: MUSIC_INFO::CMusicInfoScanner::DoScan Skipping dir 'smb://CS407/music/# classé #/Atomic Kitten/Right Now/' due to no change
22:59:40 T:3472 DEBUG: MUSIC_INFO::CMusicInfoScanner::DoScan Skipping dir 'smb://CS407/music/# classé #/Auburn/' due to no change
22:59:40 T:3472 DEBUG: MUSIC_INFO::CMusicInfoScanner::DoScan Skipping dir 'smb://CS407/music/# classé #/Auburn/La, la,la/' due to no change
22:59:40 T:3472 DEBUG: MUSIC_INFO::CMusicInfoScanner::DoScan Skipping dir 'smb://CS407/music/# classé #/Avril Lavigne/' due to no change
22:59:40 T:3472 DEBUG: MUSIC_INFO::CMusicInfoScanner::DoScan Skipping dir 'smb://CS407/music/# classé #/Avril Lavigne/Goodbye Lullaby/' due to no change
22:59:40 T:3468 DEBUG: VideoInfoScanner: No (new) information was found in dir smb://CS407/video/# Manga #/Konjiki no gash bell/
22:59:40 T:3472 DEBUG: MUSIC_INFO::CMusicInfoScanner::DoScan Skipping dir 'smb://CS407/music/# classé #/Avril Lavigne/Let go/' due to no change
22:59:40 T:3472 DEBUG: MUSIC_INFO::CMusicInfoScanner::DoScan Skipping dir 'smb://CS407/music/# classé #/Avril Lavigne/The Best Damn Thing/' due to no change
22:59:40 T:3536 DEBUG: JSONRPC: Incoming request: {"jsonrpc": "2.0", "method": "Files.GetDirectory", "params": {"directory": "musicdb://4/", "media": "music", "properties": ["title", "album", "albumid", "artist", "artistid", "file", "year", "thumbnail", "fanart"]}, "id": 1}
22:59:40 T:3536 DEBUG: JSONRPC: Calling files.getdirectory
22:59:40 T:3536 DEBUG: CUtil::GetMatchingSource: no matching source found for [musicdb://4/]
22:59:40 T:3536 DEBUG: Previous line repeats 4 times.
22:59:40 T:3536 DEBUG: CMusicDatabase::GetSongsByWhere query = select * from songview
22:59:40 T:3536 DEBUG: CMusicDatabase::GetSongsByWhere() - took 16 ms
22:59:40 T:3472 DEBUG: MUSIC_INFO::CMusicInfoScanner::DoScan Skipping dir 'smb://CS407/music/# classé #/Axel bauer/' due to no change
22:59:40 T:3524 DEBUG: JSONRPC: Incoming request: {"jsonrpc": "2.0", "method": "Files.GetDirectory", "params": {"directory": "videodb://1/2/", "media": "video", "properties": ["year", "runtime", "file", "playcount", "rating", "plot", "fanart", "thumbnail", "trailer", "streamdetails"]}, "id": 1}
22:59:40 T:3524 DEBUG: JSONRPC: Calling files.getdirectory
22:59:40 T:3524 DEBUG: CUtil::GetMatchingSource: no matching source found for [videodb://1/2/]
22:59:40 T:3524 DEBUG: Previous line repeats 4 times.
22:59:40 T:3524 DEBUG: CVideoDatabase::RunQuery took 0 ms for 6 items query: SELECT sets.idSet,sets.strSet,COUNT(1) AS c,count(files.playCount) FROM sets JOIN setlinkmovie ON sets.idSet=setlinkmovie.idSet JOIN movie ON setlinkmovie.idMovie=movie.idMovie JOIN files ON files.idFile=movie.idFile GROUP BY sets.idSet HAVING c>1
22:59:40 T:3524 DEBUG: CVideoDatabase::RunQuery took 4 ms for 158 items query: select * from movieview WHERE movieview.idMovie NOT IN (SELECT idMovie FROM setlinkmovie s1 JOIN(SELECT idSet, COUNT(1) AS c FROM setlinkmovie GROUP BY idSet HAVING c>1) s2 ON s2.idSet=s1.idSet)
22:59:40 T:3472 DEBUG: MUSIC_INFO::CMusicInfoScanner::DoScan Skipping dir 'smb://CS407/music/# classé #/Axel bauer/Personne n'est parfait/' due to no change
22:59:40 T:3452 DEBUG: JSONRPC: Incoming request: {"jsonrpc":"2.0", "id":"1", "method":"Files.GetDirectory", "params":{"directory":"videodb://1/5/", "sort":{"method":"label", "order":"ascending"}}}
22:59:40 T:3452 DEBUG: JSONRPC: Calling files.getdirectory
22:59:40 T:3452 DEBUG: CUtil::GetMatchingSource: no matching source found for [videodb://1/5/]
22:59:40 T:3452 DEBUG: Previous line repeats 4 times.
22:59:40 T:3452 DEBUG: CVideoDatabase::GetPeopleNav - query took 9 ms
22:59:40 T:3452 DEBUG: CVideoDatabase::GetPeopleNav item retrieval took 0 ms
22:59:40 T:3468 DEBUG: VideoInfoScanner: No (new) information was found in dir smb://CS407/video/# Manga #/Saint Seya the lost canvas/
22:59:41 T:3452 DEBUG: JSONRPC: Incoming request: {"jsonrpc":"2.0", "id":"1", "method":"Files.GetDirectory", "params":{"directory":"videodb://2/4/", "sort":{"method":"label", "order":"ascending"}}}
22:59:41 T:3452 DEBUG: JSONRPC: Calling files.getdirectory
22:59:41 T:3452 DEBUG: CUtil::GetMatchingSource: no matching source found for [videodb://2/4/]
22:59:41 T:3472 DEBUG: Previous line repeats 4 times.
22:59:41 T:3472 DEBUG: MUSIC_INFO::CMusicInfoScanner::DoScan Skipping dir 'smb://CS407/music/# classé #/Aya Hirano/' due to no change
22:59:41 T:3452 DEBUG: CVideoDatabase::GetPeopleNav - query took 14 ms
22:59:41 T:3452 DEBUG: CVideoDatabase::GetPeopleNav item retrieval took 10 ms
22:59:41 T:3472 DEBUG: MUSIC_INFO::CMusicInfoScanner::DoScan Skipping dir 'smb://CS407/music/# classé #/Aya Hirano/Bōken desho desho/' due to no change
22:59:41 T:3472 DEBUG: MUSIC_INFO::CMusicInfoScanner::DoScan Skipping dir 'smb://CS407/music/# classé #/B.o.B/' due to no change
22:59:41 T:3468 DEBUG: VideoInfoScanner: No (new) information was found in dir smb://CS407/video/# Manga #/Toriko/
22:59:41 T:3472 DEBUG: MUSIC_INFO::CMusicInfoScanner::DoScan Skipping dir 'smb://CS407/music/# classé #/B.o.B/B.o.B Presents The Adventures Of Bobby R/' due to no change
22:59:41 T:3684 NOTICE: -->Python Interpreter Initialized<--
22:59:41 T:3684 DEBUG: XBPyThread::Process - The source file to load is C:\Users\XBMC\AppData\Roaming\XBMC\addons\script.metadata.actors\resources\lib\borntoday.py
22:59:41 T:3684 DEBUG: XBPyThread::Process - Setting the Python path to C:\Users\XBMC\AppData\Roaming\XBMC\addons\script.metadata.actors\resources\lib;C:\Users\XBMC\AppData\Roaming\XBMC\addons\script.module.dialogaddonscan\lib;C:\Program Files (x86)\XBMC\addons\script.module.simplejson\lib;C:\Users\XBMC\AppData\Roaming\XBMC\addons\script.module.beautifulsoup\lib;C:\Program Files (x86)\XBMC\addons\script.module.pil\lib;C:\Users\XBMC\AppData\Roaming\XBMC\addons\script.common.plugin.cache\lib;C:\Users\XBMC\AppData\Roaming\XBMC\addons\script.module.simple.downloader\lib;C:\Users\XBMC\AppData\Roaming\XBMC\addons\script.module.rssengine\lib;C:\Users\XBMC\AppData\Roaming\XBMC\addons\script.module.parsedom\lib;C:\Users\XBMC\AppData\Roaming\XBMC\addons\script.module.elementtree\lib;C:\Program Files (x86)\XBMC\addons\script.module.pysqlite\lib;C:\Program Files (x86)\XBMC\system\python\DLLs;C:\Program Files (x86)\XBMC\system\python\Lib;C:\Program Files (x86)\XBMC\python26.zip;C:\Program Files (x86)\XBMC\system\python\lib\plat-win;C:\Program Files (x86)\XBMC\system\python\lib\lib-tk;C:\Program Files (x86)\XBMC;C:\Program Files (x86)\XBMC\system\python;C:\Program Files (x86)\XBMC\system\python\lib\site-packages;
22:59:41 T:3684 DEBUG: XBPyThread::Process - Entering source directory C:\Users\XBMC\AppData\Roaming\XBMC\addons\script.metadata.actors\resources\lib
22:59:41 T:3552 DEBUG: script.artistslideshow: script version 1.3.1 started
22:59:41 T:3552 DEBUG: script.artistslideshow: window id is set to 12006
22:59:41 T:3552 DEBUG: script.artistslideshow: artist field is set to
22:59:41 T:3552 DEBUG: script.artistslideshow: daemonizing
22:59:41 T:3552 DEBUG: script.artistslideshow: language = en
22:59:41 T:3552 DEBUG: script.artistslideshow: external call is set to
22:59:41 T:3552 DEBUG: script.artistslideshow: no music playing
22:59:41 T:3472 DEBUG: MUSIC_INFO::CMusicInfoScanner::DoScan Skipping dir 'smb://CS407/music/# classé #/BACK-ON/' due to no change
22:59:41 T:3472 DEBUG: MUSIC_INFO::CMusicInfoScanner::DoScan Skipping dir 'smb://CS407/music/# classé #/BACK-ON/Chain/' due to no change
22:59:41 T:3684 DEBUG: JSONRPC: Incoming request: {"jsonrpc":"2.0", "id":"1", "method":"Files.GetDirectory", "params":{"directory":"videodb://1/4/", "sort":{"method":"label", "order":"ascending"}}}
22:59:41 T:3684 DEBUG: JSONRPC: Calling files.getdirectory
22:59:41 T:3684 DEBUG: CUtil::GetMatchingSource: no matching source found for [videodb://1/4/]
22:59:41 T:3472 DEBUG: Previous line repeats 4 times.
22:59:41 T:3472 DEBUG: MUSIC_INFO::CMusicInfoScanner::DoScan Skipping dir 'smb://CS407/music/# classé #/Bad Meets Evil/' due to no change
22:59:41 T:3684 DEBUG: CVideoDatabase::GetPeopleNav - query took 27 ms
22:59:41 T:3468 DEBUG: VideoInfoScanner: No (new) information was found in dir smb://CS407/video/# Manga #/one piece/
22:59:41 T:3684 DEBUG: CVideoDatabase::GetPeopleNav item retrieval took 35 ms
22:59:41 T:3472 DEBUG: MUSIC_INFO::CMusicInfoScanner::DoScan Skipping dir 'smb://CS407/music/# classé #/Bad Meets Evil/Hell The sequel/' due to no change
22:59:41 T:3472 DEBUG: MUSIC_INFO::CMusicInfoScanner::DoScan Skipping dir 'smb://CS407/music/# classé #/Bazra/' due to no change
22:59:42 T:3472 DEBUG: MUSIC_INFO::CMusicInfoScanner::DoScan Skipping dir 'smb://CS407/music/# classé #/Bazra/Doukasen/' due to no change
22:59:42 T:3472 DEBUG: MUSIC_INFO::CMusicInfoScanner::DoScan Skipping dir 'smb://CS407/music/# classé #/Beat Crusaders/' due to no change
22:59:42 T:3472 DEBUG: MUSIC_INFO::CMusicInfoScanner::DoScan Skipping dir 'smb://CS407/music/# classé #/Beat Crusaders/Tonight, Tonight, Tonight/' due to no change
22:59:42 T:3468 DEBUG: VideoInfoScanner: No (new) information was found in dir smb://CS407/video/# Manga #/school rumble/
22:59:42 T:3528 DEBUG: JSONRPC: Incoming request: {"jsonrpc": "2.0", "method": "Files.GetDirectory", "params": {"directory": "videodb://1/7/3/", "media": "video", "properties": ["year", "runtime", "file", "playcount", "rating", "plot", "fanart", "thumbnail", "trailer", "streamdetails"]}, "id": 1}
22:59:42 T:3528 DEBUG: JSONRPC: Calling files.getdirectory
22:59:42 T:3528 DEBUG: CUtil::GetMatchingSource: no matching source found for [videodb://1/7/3/]
22:59:42 T:3528 DEBUG: Previous line repeats 4 times.
22:59:42 T:3528 DEBUG: CVideoDatabase::RunQuery took 0 ms for 2 items query: select * from movieview join setlinkmovie on setlinkmovie.idMovie=movieview.idMovie where setlinkmovie.idSet=3
22:59:42 T:3528 DEBUG: JSONRPC: Incoming request: {"jsonrpc": "2.0", "method": "Files.GetDirectory", "params": {"directory": "videodb://1/7/4/", "media": "video", "properties": ["year", "runtime", "file", "playcount", "rating", "plot", "fanart", "thumbnail", "trailer", "streamdetails"]}, "id": 1}
22:59:42 T:3528 DEBUG: JSONRPC: Calling files.getdirectory
22:59:42 T:3528 DEBUG: CUtil::GetMatchingSource: no matching source found for [videodb://1/7/4/]
22:59:42 T:3528 DEBUG: Previous line repeats 4 times.
22:59:42 T:3528 DEBUG: CVideoDatabase::RunQuery took 1 ms for 2 items query: select * from movieview join setlinkmovie on setlinkmovie.idMovie=movieview.idMovie where setlinkmovie.idSet=4
22:59:42 T:3524 DEBUG: JSONRPC: Incoming request: {"jsonrpc": "2.0", "method": "Files.GetDirectory", "params": {"directory": "videodb://1/7/3/", "media": "video", "properties": ["year", "runtime", "file", "playcount", "rating", "plot", "fanart", "thumbnail", "trailer", "streamdetails"]}, "id": 1}
22:59:42 T:3524 DEBUG: JSONRPC: Calling files.getdirectory
22:59:42 T:3524 DEBUG: CUtil::GetMatchingSource: no matching source found for [videodb://1/7/3/]
22:59:42 T:3524 DEBUG: Previous line repeats 4 times.
22:59:42 T:3524 DEBUG: CVideoDatabase::RunQuery took 1 ms for 2 items query: select * from movieview join setlinkmovie on setlinkmovie.idMovie=movieview.idMovie where setlinkmovie.idSet=3
22:59:42 T:3528 DEBUG: JSONRPC: Incoming request: {"jsonrpc": "2.0", "method": "Files.GetDirectory", "params": {"directory": "videodb://1/7/11/", "media": "video", "properties": ["year", "runtime", "file", "playcount", "rating", "plot", "fanart", "thumbnail", "trailer", "streamdetails"]}, "id": 1}
22:59:42 T:3528 DEBUG: JSONRPC: Calling files.getdirectory
22:59:42 T:3528 DEBUG: CUtil::GetMatchingSource: no matching source found for [videodb://1/7/11/]
22:59:42 T:3528 DEBUG: Previous line repeats 4 times.
22:59:42 T:3528 DEBUG: CVideoDatabase::RunQuery took 2 ms for 8 items query: select * from movieview join setlinkmovie on setlinkmovie.idMovie=movieview.idMovie where setlinkmovie.idSet=11
22:59:42 T:3524 DEBUG: JSONRPC: Incoming request: {"jsonrpc": "2.0", "method": "Files.GetDirectory", "params": {"directory": "videodb://1/7/4/", "media": "video", "properties": ["year", "runtime", "file", "playcount", "rating", "plot", "fanart", "thumbnail", "trailer", "streamdetails"]}, "id": 1}
22:59:42 T:3524 DEBUG: JSONRPC: Calling files.getdirectory
22:59:42 T:3524 DEBUG: CUtil::GetMatchingSource: no matching source found for [videodb://1/7/4/]
22:59:42 T:3524 DEBUG: Previous line repeats 4 times.
22:59:42 T:3524 DEBUG: CVideoDatabase::RunQuery took 1 ms for 2 items query: select * from movieview join setlinkmovie on setlinkmovie.idMovie=movieview.idMovie where setlinkmovie.idSet=4
22:59:42 T:3524 DEBUG: JSONRPC: Incoming request: {"jsonrpc": "2.0", "method": "Files.GetDirectory", "params": {"directory": "videodb://1/7/11/", "media": "video", "properties": ["year", "runtime", "file", "playcount", "rating", "plot", "fanart", "thumbnail", "trailer", "streamdetails"]}, "id": 1}
22:59:42 T:3524 DEBUG: JSONRPC: Calling files.getdirectory
22:59:42 T:3524 DEBUG: CUtil::GetMatchingSource: no matching source found for [videodb://1/7/11/]
22:59:42 T:3524 DEBUG: Previous line repeats 4 times.
22:59:42 T:3524 DEBUG: CVideoDatabase::RunQuery took 0 ms for 8 items query: select * from movieview join setlinkmovie on setlinkmovie.idMovie=movieview.idMovie where setlinkmovie.idSet=11
22:59:42 T:3528 DEBUG: JSONRPC: Incoming request: {"jsonrpc": "2.0", "method": "Files.GetDirectory", "params": {"directory": "videodb://1/7/12/", "media": "video", "properties": ["year", "runtime", "file", "playcount", "rating", "plot", "fanart", "thumbnail", "trailer", "streamdetails"]}, "id": 1}
22:59:42 T:3528 DEBUG: JSONRPC: Calling files.getdirectory
22:59:42 T:3528 DEBUG: CUtil::GetMatchingSource: no matching source found for [videodb://1/7/12/]
22:59:42 T:3528 DEBUG: Previous line repeats 4 times.
22:59:42 T:3528 DEBUG: CVideoDatabase::RunQuery took 1 ms for 3 items query: select * from movieview join setlinkmovie on setlinkmovie.idMovie=movieview.idMovie where setlinkmovie.idSet=12
22:59:42 T:3528 DEBUG: JSONRPC: Incoming request: {"jsonrpc": "2.0", "method": "Files.GetDirectory", "params": {"directory": "videodb://1/7/18/", "media": "video", "properties": ["year", "runtime", "file", "playcount", "rating", "plot", "fanart", "thumbnail", "trailer", "streamdetails"]}, "id": 1}
22:59:42 T:3528 DEBUG: JSONRPC: Calling files.getdirectory
22:59:42 T:3528 DEBUG: CUtil::GetMatchingSource: no matching source found for [videodb://1/7/18/]
22:59:42 T:3528 DEBUG: Previous line repeats 4 times.
22:59:42 T:3528 DEBUG: CVideoDatabase::RunQuery took 1 ms for 5 items query: select * from movieview join setlinkmovie on setlinkmovie.idMovie=movieview.idMovie where setlinkmovie.idSet=18
22:59:42 T:3524 DEBUG: JSONRPC: Incoming request: {"jsonrpc": "2.0", "method": "Files.GetDirectory", "params": {"directory": "videodb://1/7/12/", "media": "video", "properties": ["year", "runtime", "file", "playcount", "rating", "plot", "fanart", "thumbnail", "trailer", "streamdetails"]}, "id": 1}
22:59:42 T:3524 DEBUG: JSONRPC: Calling files.getdirectory
22:59:42 T:3524 DEBUG: CUtil::GetMatchingSource: no matching source found for [videodb://1/7/12/]
22:59:42 T:3524 DEBUG: Previous line repeats 4 times.
22:59:42 T:3524 DEBUG: CVideoDatabase::RunQuery took 1 ms for 3 items query: select * from movieview join setlinkmovie on setlinkmovie.idMovie=movieview.idMovie where setlinkmovie.idSet=12
22:59:42 T:3524 DEBUG: JSONRPC: Incoming request: {"jsonrpc": "2.0", "method": "Files.GetDirectory", "params": {"directory": "videodb://1/7/18/", "media": "video", "properties": ["year", "runtime", "file", "playcount", "rating", "plot", "fanart", "thumbnail", "trailer", "streamdetails"]}, "id": 1}
22:59:42 T:3524 DEBUG: JSONRPC: Calling files.getdirectory
22:59:42 T:3524 DEBUG: CUtil::GetMatchingSource: no matching source found for [videodb://1/7/18/]
22:59:42 T:3524 DEBUG: Previous line repeats 4 times.
22:59:42 T:3524 DEBUG: CVideoDatabase::RunQuery took 0 ms for 5 items query: select * from movieview join setlinkmovie on setlinkmovie.idMovie=movieview.idMovie where setlinkmovie.idSet=18
22:59:42 T:3528 DEBUG: JSONRPC: Incoming request: {"jsonrpc": "2.0", "method": "Files.GetDirectory", "params": {"directory": "videodb://1/7/19/", "media": "video", "properties": ["year", "runtime", "file", "playcount", "rating", "plot", "fanart", "thumbnail", "trailer", "streamdetails"]}, "id": 1}
22:59:42 T:3528 DEBUG: JSONRPC: Calling files.getdirectory
22:59:42 T:3528 DEBUG: CUtil::GetMatchingSource: no matching source found for [videodb://1/7/19/]
22:59:42 T:3528 DEBUG: Previous line repeats 4 times.
22:59:42 T:3528 DEBUG: CVideoDatabase::RunQuery took 1 ms for 3 items query: select * from movieview join setlinkmovie on setlinkmovie.idMovie=movieview.idMovie where setlinkmovie.idSet=19
22:59:42 T:3524 DEBUG: JSONRPC: Incoming request: {"jsonrpc": "2.0", "method": "Files.GetDirectory", "params": {"directory": "videodb://1/7/19/", "media": "video", "properties": ["year", "runtime", "file", "playcount", "rating", "plot", "fanart", "thumbnail", "trailer", "streamdetails"]}, "id": 1}
22:59:42 T:3524 DEBUG: JSONRPC: Calling files.getdirectory
22:59:42 T:3524 DEBUG: CUtil::GetMatchingSource: no matching source found for [videodb://1/7/19/]
22:59:42 T:3524 DEBUG: Previous line repeats 4 times.
22:59:42 T:3524 DEBUG: CVideoDatabase::RunQuery took 0 ms for 3 items query: select * from movieview join setlinkmovie on setlinkmovie.idMovie=movieview.idMovie where setlinkmovie.idSet=19
22:59:42 T:3452 DEBUG: JSONRPC: Incoming request: {"jsonrpc":"2.0", "id":"1", "method":"Files.GetDirectory", "params":{"directory":"videodb://3/4/", "sort":{"method":"label", "order":"ascending"}}}
22:59:42 T:3452 DEBUG: JSONRPC: Calling files.getdirectory
22:59:42 T:3452 DEBUG: CUtil::GetMatchingSource: no matching source found for [videodb://3/4/]
22:59:42 T:3452 DEBUG: Previous line repeats 4 times.
22:59:42 T:3452 DEBUG: CVideoDatabase::GetPeopleNav - query took 2 ms
22:59:42 T:3528 NOTICE: Loading PlaylistRandomMovie started at 2012-05-04
22:59:33 and take 9.523s
22:59:42 T:3528 INFO: Scriptresult: Success
22:59:42 T:3528 INFO: Python script stopped
22:59:42 T:3528 DEBUG: Thread XBPyThread 3528 terminating
22:59:43 T:3524 NOTICE: Loading PlaylistLastMovie started at 2012-05-04
22:59:40 and take 2.239s
22:59:43 T:3524 INFO: Scriptresult: Success
22:59:43 T:3524 INFO: Python script stopped
22:59:43 T:3524 DEBUG: Thread XBPyThread 3524 terminating
22:59:43 T:1100 DEBUG: waiting for python thread 8 to stop
22:59:43 T:1100 DEBUG: python thread 8 destructed
22:59:43 T:1100 DEBUG: waiting for python thread 9 to stop
22:59:43 T:1100 DEBUG: python thread 9 destructed
22:59:43 T:3532 NOTICE: Loading PlaylistLastMovie started at 2012-05-04
22:59:33 and take 9.875s
22:59:43 T:3532 INFO: Scriptresult: Success
22:59:43 T:3532 INFO: Python script stopped
22:59:43 T:3532 DEBUG: Thread XBPyThread 3532 terminating
22:59:43 T:1100 DEBUG: waiting for python thread 10 to stop
22:59:43 T:1100 DEBUG: python thread 10 destructed
22:59:43 T:3536 NOTICE: Loading PlaylistRandomMovie started at 2012-05-04
22:59:40 and take 2.588s
22:59:43 T:3536 INFO: Scriptresult: Success
22:59:43 T:3536 INFO: Python script stopped
22:59:43 T:3536 DEBUG: Thread XBPyThread 3536 terminating
22:59:43 T:1100 DEBUG: waiting for python thread 11 to stop
22:59:43 T:1100 DEBUG: python thread 11 destructed
22:59:43 T:3472 DEBUG: MUSIC_INFO::CMusicInfoScanner::DoScan Skipping dir 'smb://CS407/music/# classé #/Berenice/' due to no change
22:59:43 T:3472 DEBUG: MUSIC_INFO::CMusicInfoScanner::DoScan Skipping dir 'smb://CS407/music/# classé #/Berenice/Imperfect girl/' due to no change
22:59:43 T:3472 DEBUG: MUSIC_INFO::CMusicInfoScanner::DoScan Skipping dir 'smb://CS407/music/# classé #/Bob Sinclar/' due to no change
22:59:43 T:3472 DEBUG: MUSIC_INFO::CMusicInfoScanner::DoScan Skipping dir 'smb://CS407/music/# classé #/Bob Sinclar/Western Dream/' due to no change
22:59:44 T:3472 DEBUG: MUSIC_INFO::CMusicInfoScanner::DoScan Skipping dir 'smb://CS407/music/# classé #/Bon-Bon Blanco/' due to no change
22:59:44 T:3472 DEBUG: MUSIC_INFO::CMusicInfoScanner::DoScan Skipping dir 'smb://CS407/music/# classé #/Bon-Bon Blanco/B3 Master Pieces/' due to no change
22:59:44 T:3684 DEBUG: JSONRPC: Incoming request: {"jsonrpc":"2.0", "id":"1", "method":"Files.GetDirectory", "params":{"directory":"videodb://1/5/", "sort":{"method":"label", "order":"ascending"}}}
22:59:44 T:3684 DEBUG: JSONRPC: Calling files.getdirectory
22:59:44 T:3684 DEBUG: CUtil::GetMatchingSource: no matching source found for [videodb://1/5/]
22:59:44 T:3684 DEBUG: Previous line repeats 4 times.
22:59:44 T:3684 DEBUG: CVideoDatabase::GetPeopleNav - query took 8 ms
22:59:44 T:3684 DEBUG: CVideoDatabase::GetPeopleNav item retrieval took 1 ms
22:59:44 T:3684 DEBUG: JSONRPC: Incoming request: {"jsonrpc":"2.0", "id":"1", "method":"Files.GetDirectory", "params":{"directory":"videodb://2/4/", "sort":{"method":"label", "order":"ascending"}}}
22:59:44 T:3684 DEBUG: JSONRPC: Calling files.getdirectory
22:59:44 T:3684 DEBUG: CUtil::GetMatchingSource: no matching source found for [videodb://2/4/]
22:59:44 T:3684 DEBUG: Previous line repeats 4 times.
22:59:44 T:3684 DEBUG: CVideoDatabase::GetPeopleNav - query took 13 ms
22:59:44 T:3684 DEBUG: CVideoDatabase::GetPeopleNav item retrieval took 10 ms
22:59:44 T:3472 DEBUG: MUSIC_INFO::CMusicInfoScanner::DoScan Skipping dir 'smb://CS407/music/# classé #/Boystyle/' due to no change
22:59:44 T:3472 DEBUG: MUSIC_INFO::CMusicInfoScanner::DoScan Skipping dir 'smb://CS407/music/# classé #/Boystyle/Kokoro no Chizu/' due to no change
22:59:44 T:3472 DEBUG: MUSIC_INFO::CMusicInfoScanner::DoScan Skipping dir 'smb://CS407/music/# classé #/Brad Sucks/' due to no change
22:59:44 T:3452 DEBUG: JSONRPC: Incoming request: {"jsonrpc":"2.0", "id":"1", "method":"Files.GetDirectory", "params":{"directory":"videodb://1/4/", "sort":{"method":"label", "order":"ascending"}}}
22:59:44 T:3452 DEBUG: JSONRPC: Calling files.getdirectory
22:59:44 T:3452 DEBUG: CUtil::GetMatchingSource: no matching source found for [videodb://1/4/]
22:59:44 T:3452 DEBUG: Previous line repeats 4 times.
22:59:44 T:3452 DEBUG: CVideoDatabase::GetPeopleNav - query took 27 ms
22:59:44 T:3452 DEBUG: CVideoDatabase::GetPeopleNav item retrieval took 34 ms
22:59:44 T:3472 DEBUG: MUSIC_INFO::CMusicInfoScanner::DoScan Skipping dir 'smb://CS407/music/# classé #/Brad Sucks/Out Of It/' due to no change
22:59:44 T:3472 DEBUG: MUSIC_INFO::CMusicInfoScanner::DoScan Skipping dir 'smb://CS407/music/# classé #/Britney Spears/' due to no change
22:59:44 T:3468 DEBUG: VideoInfoScanner: No (new) information was found in dir smb://CS407/video/## Series ##/30 Rock/
22:59:44 T:3472 DEBUG: MUSIC_INFO::CMusicInfoScanner::DoScan Skipping dir 'smb://CS407/music/# classé #/Britney Spears/Circus/' due to no change
22:59:45 T:3472 DEBUG: MUSIC_INFO::CMusicInfoScanner::DoScan Skipping dir 'smb://CS407/music/# classé #/Britney Spears/Femme fatale/' due to no change
22:59:45 T:3472 DEBUG: MUSIC_INFO::CMusicInfoScanner::DoScan Skipping dir 'smb://CS407/music/# classé #/Britney Spears/In the zone/' due to no change
22:59:45 T:3468 DEBUG: VideoInfoScanner: No (new) information was found in dir smb://CS407/video/## Series ##/Accidentally on purpose/
22:59:45 T:3472 DEBUG: MUSIC_INFO::CMusicInfoScanner::DoScan Skipping dir 'smb://CS407/music/# classé #/Britney Spears/One more time/' due to no change
22:59:45 T:3472 DEBUG: MUSIC_INFO::CMusicInfoScanner::DoScan Skipping dir 'smb://CS407/music/# classé #/Britney Spears/Oops! I Did It Again/' due to no change
22:59:45 T:3472 DEBUG: MUSIC_INFO::CMusicInfoScanner::DoScan Skipping dir 'smb://CS407/music/# classé #/Bruno Mars/' due to no change
22:59:45 T:3468 DEBUG: VideoInfoScanner: No (new) information was found in dir smb://CS407/video/## Series ##/Alphas/
22:59:45 T:3472 DEBUG: MUSIC_INFO::CMusicInfoScanner::DoScan Skipping dir 'smb://CS407/music/# classé #/Bruno Mars/Doo-Wops & Hooligans/' due to no change
22:59:45 T:3472 DEBUG: MUSIC_INFO::CMusicInfoScanner::DoScan Skipping dir 'smb://CS407/music/# classé #/Capcom - Various/' due to no change
22:59:45 T:3472 DEBUG: MUSIC_INFO::CMusicInfoScanner::DoScan Skipping dir 'smb://CS407/music/# classé #/Capcom - Various/Devil May Cry 4 Special Soundtrack/' due to no change
22:59:45 T:3684 DEBUG: JSONRPC: Incoming request: {"jsonrpc":"2.0", "id":"1", "method":"Files.GetDirectory", "params":{"directory":"videodb://3/4/", "sort":{"method":"label", "order":"ascending"}}}
22:59:45 T:3684 DEBUG: JSONRPC: Calling files.getdirectory
22:59:45 T:3684 DEBUG: CUtil::GetMatchingSource: no matching source found for [videodb://3/4/]
22:59:45 T:3684 DEBUG: Previous line repeats 4 times.
22:59:45 T:3684 DEBUG: CVideoDatabase::GetPeopleNav - query took 3 ms
22:59:45 T:3684 DEBUG: JSONRPC: Incoming request: {"jsonrpc":"2.0", "id":"1", "method":"Files.GetDirectory", "params":{"directory":"musicdb://2/", "sort":{"method":"label", "order":"ascending"}}}
22:59:45 T:3684 DEBUG: JSONRPC: Calling files.getdirectory
22:59:45 T:3684 DEBUG: CUtil::GetMatchingSource: no matching source found for [musicdb://2/]
22:59:45 T:3684 DEBUG: Previous line repeats 4 times.
22:59:45 T:3684 DEBUG: CMusicDatabase::GetArtistsNav query: select * from artist where (idArtist IN (select song.idArtist from song) or idArtist IN (select exartistsong.idArtist from exartistsong) or idArtist IN (select album.idArtist from album) or idArtist IN (select exartistalbum.idArtist from exartistalbum )) and artist.strArtist != "" and artist.idArtist<>293
22:59:45 T:3472 DEBUG: MUSIC_INFO::CMusicInfoScanner::DoScan Skipping dir 'smb://CS407/music/# classé #/Captain Straydum/' due to no change
22:59:45 T:3484 DEBUG: Testing Existence (multipath://smb%3a%2f%2fCS407%2fvideo%2f%23%20fesse%2fMy%20Dad%27s%20Hot%20Girlfriend%20%2d%20Rachel%20Roxxx%2f/smb%3a%2f%2fMINI%2dMOUFLO%2dPC%2fD%2f%23%23%20Utorrent%20Download%20%23%23%2fMy%20Dad%27s%20Hot%20Girlfriend%20%2d%20Rachel%20Roxxx%2f/)
22:59:45 T:3484 DEBUG: Testing Existence (smb://CS407/video/# fesse/My Dad's Hot Girlfriend - Rachel Roxxx/)
22:59:45 T:3684 DEBUG: Time to retrieve artists from dataset = 85
22:59:45 T:3472 DEBUG: MUSIC_INFO::CMusicInfoScanner::DoScan Skipping dir 'smb://CS407/music/# classé #/Captain Straydum/Mountain a Go Go Two/' due to no change
22:59:46 T:3472 DEBUG: MUSIC_INFO::CMusicInfoScanner::DoScan Skipping dir 'smb://CS407/music/# classé #/Carly Rae Jepsen/' due to no change
22:59:46 T:3472 DEBUG: MUSIC_INFO::CMusicInfoScanner::DoScan Skipping dir 'smb://CS407/music/# classé #/Carly Rae Jepsen/Curiosity/' due to no change
22:59:46 T:3472 DEBUG: MUSIC_INFO::CMusicInfoScanner::DoScan Skipping dir 'smb://CS407/music/# classé #/Cascada/' due to no change
22:59:46 T:3472 DEBUG: MUSIC_INFO::CMusicInfoScanner::DoScan Skipping dir 'smb://CS407/music/# classé #/Cascada/Evacuate The Dancefloor/' due to no change
22:59:46 T:3472 DEBUG: MUSIC_INFO::CMusicInfoScanner::DoScan Skipping dir 'smb://CS407/music/# classé #/Cerena/' due to no change
22:59:46 T:3520 INFO: Scriptresult: Success
22:59:46 T:3520 INFO: Python script stopped
22:59:46 T:3520 DEBUG: Thread XBPyThread 3520 terminating
22:59:46 T:3516 DEBUG: CZipManager::GetZipList - Processing zip://special%3a%2f%2fxbmc%2fmedia%2fweather%2ezip/
22:59:46 T:1100 DEBUG: waiting for python thread 7 to stop
22:59:46 T:1100 DEBUG: python thread 7 destructed
22:59:46 T:3472 DEBUG: MUSIC_INFO::CMusicInfoScanner::DoScan Skipping dir 'smb://CS407/music/# classé #/Cerena/La Parenthèse/' due to no change
22:59:46 T:3468 DEBUG: VideoInfoScanner: No (new) information was found in dir smb://CS407/video/## Series ##/Battlestar galactica/
22:59:46 T:3472 DEBUG: MUSIC_INFO::CMusicInfoScanner::DoScan Skipping dir 'smb://CS407/music/# classé #/Chenoa/' due to no change
22:59:47 T:3472 DEBUG: MUSIC_INFO::CMusicInfoScanner::DoScan Skipping dir 'smb://CS407/music/# classé #/Chenoa/Chenoa/' due to no change
22:59:47 T:3452 DEBUG: JSONRPC: Incoming request: {"jsonrpc":"2.0", "id":"1", "method":"Files.GetDirectory", "params":{"directory":"videodb://1/5/", "sort":{"method":"label", "order":"ascending"}}}
22:59:47 T:3452 DEBUG: JSONRPC: Calling files.getdirectory
22:59:47 T:3452 DEBUG: CUtil::GetMatchingSource: no matching source found for [videodb://1/5/]
22:59:47 T:3452 DEBUG: Previous line repeats 4 times.
22:59:47 T:3452 DEBUG: CVideoDatabase::GetPeopleNav - query took 10 ms
22:59:47 T:3452 DEBUG: CVideoDatabase::GetPeopleNav item retrieval took 0 ms
22:59:47 T:3452 DEBUG: JSONRPC: Incoming request: {"jsonrpc":"2.0", "id":"1", "method":"Files.GetDirectory", "params":{"directory":"videodb://2/4/", "sort":{"method":"label", "order":"ascending"}}}
22:59:47 T:3452 DEBUG: JSONRPC: Calling files.getdirectory
22:59:47 T:3452 DEBUG: CUtil::GetMatchingSource: no matching source found for [videodb://2/4/]
22:59:47 T:3472 DEBUG: Previous line repeats 4 times.
22:59:47 T:3472 DEBUG: MUSIC_INFO::CMusicInfoScanner::DoScan Skipping dir 'smb://CS407/music/# classé #/Christina Aguilera/' due to no change
22:59:47 T:3452 DEBUG: CVideoDatabase::GetPeopleNav - query took 13 ms
22:59:47 T:3452 DEBUG: CVideoDatabase::GetPeopleNav item retrieval took 11 ms
22:59:47 T:3472 DEBUG: MUSIC_INFO::CMusicInfoScanner::DoScan Skipping dir 'smb://CS407/music/# classé #/Christina Aguilera/Bionic/' due to no change
22:59:47 T:3472 DEBUG: MUSIC_INFO::CMusicInfoScanner::DoScan Skipping dir 'smb://CS407/music/# classé #/Christina Aguilera/Stripped/' due to no change
22:59:47 T:3472 DEBUG: MUSIC_INFO::CMusicInfoScanner::DoScan Skipping dir 'smb://CS407/music/# classé #/Christophe Willem/' due to no change
22:59:47 T:3452 DEBUG: JSONRPC: Incoming request: {"jsonrpc":"2.0", "id":"1", "method":"Files.GetDirectory", "params":{"directory":"videodb://3/4/", "sort":{"method":"label", "order":"ascending"}}}
22:59:47 T:3452 DEBUG: JSONRPC: Calling files.getdirectory
22:59:47 T:3452 DEBUG: CUtil::GetMatchingSource: no matching source found for [videodb://3/4/]
22:59:47 T:3452 DEBUG: Previous line repeats 4 times.
22:59:47 T:3452 DEBUG: CVideoDatabase::GetPeopleNav - query took 2 ms
22:59:47 T:3452 DEBUG: JSONRPC: Incoming request: {"jsonrpc":"2.0", "id":"1", "method":"Files.GetDirectory", "params":{"directory":"musicdb://2/", "sort":{"method":"label", "order":"ascending"}}}
22:59:47 T:3452 DEBUG: JSONRPC: Calling files.getdirectory
22:59:47 T:3452 DEBUG: CUtil::GetMatchingSource: no matching source found for [musicdb://2/]
22:59:47 T:3452 DEBUG: Previous line repeats 4 times.
22:59:47 T:3452 DEBUG: CMusicDatabase::GetArtistsNav query: select * from artist where (idArtist IN (select song.idArtist from song) or idArtist IN (select exartistsong.idArtist from exartistsong) or idArtist IN (select album.idArtist from album) or idArtist IN (select exartistalbum.idArtist from exartistalbum )) and artist.strArtist != "" and artist.idArtist<>293
22:59:47 T:3472 DEBUG: MUSIC_INFO::CMusicInfoScanner::DoScan Skipping dir 'smb://CS407/music/# classé #/Christophe Willem/Inventaire/' due to no change
22:59:47 T:3468 DEBUG: VideoInfoScanner: No (new) information was found in dir smb://CS407/video/## Series ##/Being erica/
22:59:47 T:3452 DEBUG: Time to retrieve artists from dataset = 87
22:59:47 T:3472 DEBUG: MUSIC_INFO::CMusicInfoScanner::DoScan Skipping dir 'smb://CS407/music/# classé #/Ciara/' due to no change
22:59:47 T:3472 DEBUG: MUSIC_INFO::CMusicInfoScanner::DoScan Skipping dir 'smb://CS407/music/# classé #/Ciara/Goodies/' due to no change
22:59:48 T:3472 DEBUG: MUSIC_INFO::CMusicInfoScanner::DoScan Skipping dir 'smb://CS407/music/# classé #/Ciara/The Evolution/' due to no change
22:59:48 T:3468 DEBUG: VideoInfoScanner: No (new) information was found in dir smb://CS407/video/## Series ##/Being human (us)/
22:59:48 T:3472 DEBUG: MUSIC_INFO::CMusicInfoScanner::DoScan Skipping dir 'smb://CS407/music/# classé #/Cinema Bizarre/' due to no change
22:59:48 T:3472 DEBUG: MUSIC_INFO::CMusicInfoScanner::DoScan Skipping dir 'smb://CS407/music/# classé #/Cinema Bizarre/Final attraction/' due to no change
22:59:48 T:3472 DEBUG: MUSIC_INFO::CMusicInfoScanner::DoScan Skipping dir 'smb://CS407/music/# classé #/Cobra Starship/' due to no change
22:59:48 T:3684 DEBUG: JSONRPC: Incoming request: {"jsonrpc":"2.0", "id":"1", "method":"Files.GetDirectory", "params":{"directory":"videodb://1/4/6253/", "sort":{"method":"label", "order":"ascending"}}}
22:59:48 T:3684 DEBUG: JSONRPC: Calling files.getdirectory
22:59:48 T:3684 DEBUG: CUtil::GetMatchingSource: no matching source found for [videodb://1/4/6253/]
22:59:48 T:3684 DEBUG: Previous line repeats 4 times.
22:59:48 T:3684 DEBUG: CVideoDatabase::RunQuery took 1 ms for 0 items query: SELECT sets.idSet,sets.strSet,COUNT(1) AS c,count(files.playCount) FROM sets JOIN setlinkmovie ON sets.idSet=setlinkmovie.idSet JOIN movie ON setlinkmovie.idMovie=movie.idMovie JOIN files ON files.idFile=movie.idFile where movie.idMovie in (select movieview.idMovie from movieview join actorlinkmovie on actorlinkmovie.idMovie=movieview.idMovie join actors on actors.idActor=actorlinkmovie.idActor where actors.idActor=6253) GROUP BY sets.idSet HAVING c>1
22:59:48 T:3684 DEBUG: CVideoDatabase::RunQuery took 0 ms for 1 items query: select * from movieview join actorlinkmovie on actorlinkmovie.idMovie=movieview.idMovie join actors on actors.idActor=actorlinkmovie.idActor where actors.idActor=6253 and movieview.idMovie NOT IN (SELECT idMovie FROM setlinkmovie s1 JOIN(SELECT idSet, COUNT(1) AS c FROM setlinkmovie GROUP BY idSet HAVING c>1) s2 ON s2.idSet=s1.idSet)
22:59:48 T:3684 DEBUG: JSONRPC: Incoming request: {"jsonrpc":"2.0", "id":"1", "method":"Files.GetDirectory", "params":{"directory":"videodb://1/4/6253/", "properties":["fanart", "thumbnail"],"sort":{"method":"label", "order":"ascending"}}}
22:59:48 T:3684 DEBUG: JSONRPC: Calling files.getdirectory
22:59:48 T:3684 DEBUG: CUtil::GetMatchingSource: no matching source found for [videodb://1/4/6253/]
22:59:48 T:3684 DEBUG: Previous line repeats 4 times.
22:59:48 T:3684 DEBUG: CVideoDatabase::RunQuery took 0 ms for 0 items query: SELECT sets.idSet,sets.strSet,COUNT(1) AS c,count(files.playCount) FROM sets JOIN setlinkmovie ON sets.idSet=setlinkmovie.idSet JOIN movie ON setlinkmovie.idMovie=movie.idMovie JOIN files ON files.idFile=movie.idFile where movie.idMovie in (select movieview.idMovie from movieview join actorlinkmovie on actorlinkmovie.idMovie=movieview.idMovie join actors on actors.idActor=actorlinkmovie.idActor where actors.idActor=6253) GROUP BY sets.idSet HAVING c>1
22:59:48 T:3684 DEBUG: CVideoDatabase::RunQuery took 1 ms for 1 items query: select * from movieview join actorlinkmovie on actorlinkmovie.idMovie=movieview.idMovie join actors on actors.idActor=actorlinkmovie.idActor where actors.idActor=6253 and movieview.idMovie NOT IN (SELECT idMovie FROM setlinkmovie s1 JOIN(SELECT idSet, COUNT(1) AS c FROM setlinkmovie GROUP BY idSet HAVING c>1) s2 ON s2.idSet=s1.idSet)
22:59:48 T:3472 DEBUG: MUSIC_INFO::CMusicInfoScanner::DoScan Skipping dir 'smb://CS407/music/# classé #/Cobra Starship/Night Shades/' due to no change
22:59:48 T:3684 DEBUG: JSONRPC: Incoming request: {"jsonrpc":"2.0", "id":"1", "method":"Files.GetDirectory", "params":{"directory":"videodb://1/4/365/", "sort":{"method":"label", "order":"ascending"}}}
22:59:48 T:3684 DEBUG: JSONRPC: Calling files.getdirectory
22:59:48 T:3684 DEBUG: CUtil::GetMatchingSource: no matching source found for [videodb://1/4/365/]
22:59:48 T:3684 DEBUG: Previous line repeats 4 times.
22:59:48 T:3684 DEBUG: CVideoDatabase::RunQuery took 0 ms for 0 items query: SELECT sets.idSet,sets.strSet,COUNT(1) AS c,count(files.playCount) FROM sets JOIN setlinkmovie ON sets.idSet=setlinkmovie.idSet JOIN movie ON setlinkmovie.idMovie=movie.idMovie JOIN files ON files.idFile=movie.idFile where movie.idMovie in (select movieview.idMovie from movieview join actorlinkmovie on actorlinkmovie.idMovie=movieview.idMovie join actors on actors.idActor=actorlinkmovie.idActor where actors.idActor=365) GROUP BY sets.idSet HAVING c>1
22:59:48 T:3684 DEBUG: CVideoDatabase::RunQuery took 2 ms for 2 items query: select * from movieview join actorlinkmovie on actorlinkmovie.idMovie=movieview.idMovie join actors on actors.idActor=actorlinkmovie.idActor where actors.idActor=365 and movieview.idMovie NOT IN (SELECT idMovie FROM setlinkmovie s1 JOIN(SELECT idSet, COUNT(1) AS c FROM setlinkmovie GROUP BY idSet HAVING c>1) s2 ON s2.idSet=s1.idSet)
22:59:48 T:3472 DEBUG: MUSIC_INFO::CMusicInfoScanner::DoScan Skipping dir 'smb://CS407/music/# classé #/Coming Century/' due to no change
22:59:48 T:3684 DEBUG: JSONRPC: Incoming request: {"jsonrpc":"2.0", "id":"1", "method":"Files.GetDirectory", "params":{"directory":"videodb://1/4/365/", "properties":["fanart", "thumbnail"],"sort":{"method":"label", "order":"ascending"}}}
22:59:48 T:3684 DEBUG: JSONRPC: Calling files.getdirectory
22:59:48 T:3684 DEBUG: CUtil::GetMatchingSource: no matching source found for [videodb://1/4/365/]
22:59:48 T:3684 DEBUG: Previous line repeats 4 times.
22:59:48 T:3684 DEBUG: CVideoDatabase::RunQuery took 0 ms for 0 items query: SELECT sets.idSet,sets.strSet,COUNT(1) AS c,count(files.playCount) FROM sets JOIN setlinkmovie ON sets.idSet=setlinkmovie.idSet JOIN movie ON setlinkmovie.idMovie=movie.idMovie JOIN files ON files.idFile=movie.idFile where movie.idMovie in (select movieview.idMovie from movieview join actorlinkmovie on actorlinkmovie.idMovie=movieview.idMovie join actors on actors.idActor=actorlinkmovie.idActor where actors.idActor=365) GROUP BY sets.idSet HAVING c>1
22:59:48 T:3684 DEBUG: CVideoDatabase::RunQuery took 1 ms for 2 items query: select * from movieview join actorlinkmovie on actorlinkmovie.idMovie=movieview.idMovie join actors on actors.idActor=actorlinkmovie.idActor where actors.idActor=365 and movieview.idMovie NOT IN (SELECT idMovie FROM setlinkmovie s1 JOIN(SELECT idSet, COUNT(1) AS c FROM setlinkmovie GROUP BY idSet HAVING c>1) s2 ON s2.idSet=s1.idSet)
22:59:48 T:3472 DEBUG: MUSIC_INFO::CMusicInfoScanner::DoScan Skipping dir 'smb://CS407/music/# classé #/Coming Century/Eyeshield 21/' due to no change
22:59:48 T:3468 DEBUG: VideoInfoScanner: No (new) information was found in dir smb://CS407/video/## Series ##/Better off ted/
22:59:48 T:3472 DEBUG: MUSIC_INFO::CMusicInfoScanner::DoScan Skipping dir 'smb://CS407/music/# classé #/Cool Joke/' due to no change
22:59:48 T:3472 DEBUG: MUSIC_INFO::CMusicInfoScanner::DoScan Skipping dir 'smb://CS407/music/# classé #/Cool Joke/Cool Joke/' due to no change
22:59:48 T:3472 DEBUG: MUSIC_INFO::CMusicInfoScanner::DoScan Skipping dir 'smb://CS407/music/# classé #/D-51/' due to no change
22:59:48 T:3684 NOTICE: 7.49099993706
22:59:48 T:3684 INFO: Scriptresult: Success
22:59:48 T:3684 INFO: Python script stopped
22:59:48 T:3684 DEBUG: Thread XBPyThread 3684 terminating
22:59:48 T:1100 DEBUG: waiting for python thread 16 to stop
22:59:48 T:1100 DEBUG: python thread 16 destructed
22:59:48 T:3472 DEBUG: MUSIC_INFO::CMusicInfoScanner::DoScan Skipping dir 'smb://CS407/music/# classé #/D-51/Brand new world/' due to no change
22:59:48 T:3468 DEBUG: VideoInfoScanner: No (new) information was found in dir smb://CS407/video/## Series ##/Blue Mountain State/
22:59:49 T:3472 DEBUG: MUSIC_INFO::CMusicInfoScanner::DoScan Skipping dir 'smb://CS407/music/# classé #/Daft Punk/' due to no change
22:59:49 T:3452 NOTICE: Service: 12178 actors took 18.539000034332275
22:59:49 T:3452 INFO: Scriptresult: Success
22:59:49 T:3452 INFO: Python script stopped
22:59:49 T:3452 DEBUG: Thread XBPyThread 3452 terminating
22:59:49 T:1100 DEBUG: waiting for python thread 2 to stop
22:59:49 T:1100 DEBUG: python thread 2 destructed
22:59:49 T:1100 DEBUG: started alarm with name: actors.service
22:59:49 T:3912 DEBUG: Thread CAlarmClock start, auto delete: 0
22:59:49 T:3544 NOTICE: Loading PlaylistRandomMovie started at 2012-05-04
22:59:33 and take 15.504s
22:59:49 T:3544 INFO: Scriptresult: Success
22:59:49 T:3544 INFO: Python script stopped
22:59:49 T:3544 DEBUG: Thread XBPyThread 3544 terminating
22:59:49 T:3540 NOTICE: Loading PlaylistLastMovie started at 2012-05-04
22:59:37 and take 11.865s
22:59:49 T:3540 INFO: Scriptresult: Success
22:59:49 T:3540 INFO: Python script stopped
22:59:49 T:3540 DEBUG: Thread XBPyThread 3540 terminating
22:59:49 T:1100 DEBUG: waiting for python thread 12 to stop
22:59:49 T:1100 DEBUG: python thread 12 destructed
22:59:49 T:1100 DEBUG: waiting for python thread 13 to stop
22:59:49 T:1100 DEBUG: python thread 13 destructed
22:59:49 T:3472 DEBUG: MUSIC_INFO::CMusicInfoScanner::DoScan Skipping dir 'smb://CS407/music/# classé #/Daft Punk/Discovery/' due to no change
22:59:49 T:3472 DEBUG: MUSIC_INFO::CMusicInfoScanner::DoScan Skipping dir 'smb://CS407/music/# classé #/Daft Punk/Human After All/' due to no change
22:59:49 T:3472 DEBUG: MUSIC_INFO::CMusicInfoScanner::DoScan Skipping dir 'smb://CS407/music/# classé #/Dannii Minogue/' due to no change
22:59:49 T:3472 DEBUG: MUSIC_INFO::CMusicInfoScanner::DoScan Skipping dir 'smb://CS407/music/# classé #/Dannii Minogue/Neon Nights/' due to no change
22:59:49 T:3472 DEBUG: MUSIC_INFO::CMusicInfoScanner::DoScan Skipping dir 'smb://CS407/music/# classé #/David Guetta/' due to no change
22:59:49 T:3472 DEBUG: MUSIC_INFO::CMusicInfoScanner::DoScan Skipping dir 'smb://CS407/music/# classé #/David Guetta/Nothing but the beat/' due to no change
22:59:49 T:3472 DEBUG: MUSIC_INFO::CMusicInfoScanner::DoScan Skipping dir 'smb://CS407/music/# classé #/David Guetta/One love/' due to no change
22:59:49 T:3472 DEBUG: MUSIC_INFO::CMusicInfoScanner::DoScan Skipping dir 'smb://CS407/music/# classé #/Day After Tomorrow/' due to no change
22:59:50 T:3472 DEBUG: MUSIC_INFO::CMusicInfoScanner::DoScan Skipping dir 'smb://CS407/music/# classé #/Day After Tomorrow/Primary colors/' due to no change
22:59:50 T:3472 DEBUG: MUSIC_INFO::CMusicInfoScanner::DoScan Skipping dir 'smb://CS407/music/# classé #/Death note/' due to no change
22:59:50 T:3472 DEBUG: MUSIC_INFO::CMusicInfoScanner::DoScan Skipping dir 'smb://CS407/music/# classé #/Death note/Death note/' due to no change
22:59:50 T:3472 DEBUG: MUSIC_INFO::CMusicInfoScanner::DoScan Skipping dir 'smb://CS407/music/# classé #/Destiny's Child/' due to no change
22:59:50 T:3472 DEBUG: MUSIC_INFO::CMusicInfoScanner::DoScan Skipping dir 'smb://CS407/music/# classé #/Destiny's Child/Survivor/' due to no change
22:59:50 T:3472 DEBUG: MUSIC_INFO::CMusicInfoScanner::DoScan Skipping dir 'smb://CS407/music/# classé #/Diddy Dirty Money/' due to no change
22:59:50 T:3472 DEBUG: MUSIC_INFO::CMusicInfoScanner::DoScan Skipping dir 'smb://CS407/music/# classé #/Diddy Dirty Money/Last train from Paris/' due to no change
22:59:50 T:3468 DEBUG: VideoInfoScanner: No (new) information was found in dir smb://CS407/video/## Series ##/Bones/
22:59:50 T:3472 DEBUG: MUSIC_INFO::CMusicInfoScanner::DoScan Skipping dir 'smb://CS407/music/# classé #/Dido/' due to no change
22:59:50 T:3472 DEBUG: MUSIC_INFO::CMusicInfoScanner::DoScan Skipping dir 'smb://CS407/music/# classé #/Dido/Life for rent/' due to no change
22:59:50 T:3472 DEBUG: MUSIC_INFO::CMusicInfoScanner::DoScan Skipping dir 'smb://CS407/music/# classé #/Diggy-MO/' due to no change
22:59:50 T:3472 DEBUG: MUSIC_INFO::CMusicInfoScanner::DoScan Skipping dir 'smb://CS407/music/# classé #/Diggy-MO/Bakusou Yumeuta/' due to no change
22:59:51 T:3472 DEBUG: MUSIC_INFO::CMusicInfoScanner::DoScan Skipping dir 'smb://CS407/music/# classé #/Disturbed/' due to no change
22:59:51 T:3472 DEBUG: MUSIC_INFO::CMusicInfoScanner::DoScan Skipping dir 'smb://CS407/music/# classé #/Disturbed/The Sickness/' due to no change
22:59:51 T:3468 DEBUG: VideoInfoScanner: No (new) information was found in dir smb://CS407/video/## Series ##/Bored to death/
22:59:51 T:3472 DEBUG: MUSIC_INFO::CMusicInfoScanner::DoScan Skipping dir 'smb://CS407/music/# classé #/Dj Abdel/' due to no change
22:59:51 T:3472 DEBUG: MUSIC_INFO::CMusicInfoScanner::DoScan Skipping dir 'smb://CS407/music/# classé #/Dj Abdel/Evolution/' due to no change
22:59:51 T:3472 DEBUG: MUSIC_INFO::CMusicInfoScanner::DoScan Skipping dir 'smb://CS407/music/# classé #/Dj Antoine/' due to no change
22:59:51 T:3472 DEBUG: MUSIC_INFO::CMusicInfoScanner::DoScan Skipping dir 'smb://CS407/music/# classé #/Dj Antoine/Unknown Album/' due to no change
22:59:51 T:3472 DEBUG: MUSIC_INFO::CMusicInfoScanner::DoScan Skipping dir 'smb://CS407/music/# classé #/Dj Antoine/Welcome To St-Tropez/' due to no change
22:59:52 T:3472 DEBUG: MUSIC_INFO::CMusicInfoScanner::DoScan Skipping dir 'smb://CS407/music/# classé #/DJ Kore/' due to no change
22:59:52 T:3468 DEBUG: VideoInfoScanner: No (new) information was found in dir smb://CS407/video/## Series ##/Breaking bad/
22:59:52 T:3472 DEBUG: MUSIC_INFO::CMusicInfoScanner::DoScan Skipping dir 'smb://CS407/music/# classé #/DJ Kore/Rai N B Fever 4/' due to no change
22:59:52 T:3472 DEBUG: MUSIC_INFO::CMusicInfoScanner::DoScan Skipping dir 'smb://CS407/music/# classé #/Elisa Tovati/' due to no change
22:59:52 T:3472 DEBUG: MUSIC_INFO::CMusicInfoScanner::DoScan Skipping dir 'smb://CS407/music/# classé #/Elisa Tovati/Le Syndrome De Peter Pan/' due to no change
22:59:52 T:3468 DEBUG: VideoInfoScanner: No (new) information was found in dir smb://CS407/video/## Series ##/Breakout Kings/
22:59:52 T:3472 DEBUG: MUSIC_INFO::CMusicInfoScanner::DoScan Skipping dir 'smb://CS407/music/# classé #/Eminem/' due to no change
22:59:52 T:3472 DEBUG: MUSIC_INFO::CMusicInfoScanner::DoScan Skipping dir 'smb://CS407/music/# classé #/Eminem/Recovery/' due to no change
22:59:52 T:3472 DEBUG: MUSIC_INFO::CMusicInfoScanner::DoScan Skipping dir 'smb://CS407/music/# classé #/Enrique Iglesias/' due to no change
22:59:52 T:3472 DEBUG: MUSIC_INFO::CMusicInfoScanner::DoScan Skipping dir 'smb://CS407/music/# classé #/Enrique Iglesias/Greatest Hits/' due to no change
22:59:52 T:3468 DEBUG: VideoInfoScanner: No (new) information was found in dir smb://CS407/video/## Series ##/Bref/
22:59:52 T:3472 DEBUG: MUSIC_INFO::CMusicInfoScanner::DoScan Skipping dir 'smb://CS407/music/# classé #/Enrique Iglesias/Insomniac/' due to no change
22:59:53 T:3472 DEBUG: MUSIC_INFO::CMusicInfoScanner::DoScan Skipping dir 'smb://CS407/music/# classé #/Esmée Denters/' due to no change
22:59:53 T:3472 DEBUG: MUSIC_INFO::CMusicInfoScanner::DoScan Skipping dir 'smb://CS407/music/# classé #/Esmée Denters/Esmée Denters/' due to no change
22:59:53 T:3472 DEBUG: MUSIC_INFO::CMusicInfoScanner::DoScan Skipping dir 'smb://CS407/music/# classé #/Estelle/' due to no change
22:59:53 T:3472 DEBUG: MUSIC_INFO::CMusicInfoScanner::DoScan Skipping dir 'smb://CS407/music/# classé #/Estelle/Shine/' due to no change
22:59:53 T:3472 DEBUG: MUSIC_INFO::CMusicInfoScanner::DoScan Skipping dir 'smb://CS407/music/# classé #/Evanescence/' due to no change
22:59:53 T:3468 DEBUG: VideoInfoScanner: No (new) information was found in dir smb://CS407/video/## Series ##/Burn notice/
