12:06:27 T:2196 ERROR: XFILE::CDirectory::GetDirectory - Error getting smb://CS407/music/# classé #/THYME/forever we can make it/
12:06:27 T:2196 ERROR: XFILE::CDirectory::GetDirectory - Error getting smb://CS407/music/# classé #/TLC/
12:06:27 T:2196 ERROR: XFILE::CDirectory::GetDirectory - Error getting smb://CS407/music/# classé #/TLC/Crazysexycool/
12:06:27 T:2196 ERROR: XFILE::CDirectory::GetDirectory - Error getting smb://CS407/music/# classé #/TLC/Fanmail/
12:06:27 T:2196 ERROR: XFILE::CDirectory::GetDirectory - Error getting smb://CS407/music/# classé #/TLF/
12:06:27 T:2196 ERROR: XFILE::CDirectory::GetDirectory - Error getting smb://CS407/music/# classé #/TLF/Renaissance/
12:06:27 T:2196 ERROR: XFILE::CDirectory::GetDirectory - Error getting smb://CS407/music/# classé #/Tackey & Tsubasa/
12:06:27 T:2196 ERROR: XFILE::CDirectory::GetDirectory - Error getting smb://CS407/music/# classé #/Tackey & Tsubasa/Best/
12:06:27 T:2196 ERROR: XFILE::CDirectory::GetDirectory - Error getting smb://CS407/music/# classé #/Tackey & Tsubasa/Venus/
12:06:27 T:2196 ERROR: XFILE::CDirectory::GetDirectory - Error getting smb://CS407/music/# classé #/Taio Cruz/
12:06:27 T:2196 ERROR: XFILE::CDirectory::GetDirectory - Error getting smb://CS407/music/# classé #/Taio Cruz/Rokstarr/
12:06:27 T:2196 ERROR: XFILE::CDirectory::GetDirectory - Error getting smb://CS407/music/# classé #/Taio Cruz/TY.O/
12:06:27 T:2196 ERROR: XFILE::CDirectory::GetDirectory - Error getting smb://CS407/music/# classé #/Tal/
12:06:27 T:2196 ERROR: XFILE::CDirectory::GetDirectory - Error getting smb://CS407/music/# classé #/Tal/Le droit de rever/
12:06:27 T:2196 ERROR: XFILE::CDirectory::GetDirectory - Error getting smb://CS407/music/# classé #/Texas/
12:06:27 T:2196 ERROR: XFILE::CDirectory::GetDirectory - Error getting smb://CS407/music/# classé #/Texas/The Greatest Hits/
12:06:27 T:3556 DEBUG: CAnnouncementManager - Announcement: OnRemove from xbmc
12:06:27 T:3556 DEBUG: GOT ANNOUNCEMENT, type: 16, from xbmc, message OnRemove
12:06:27 T:2196 ERROR: XFILE::CDirectory::GetDirectory - Error getting smb://CS407/music/# classé #/The Babystars/
12:06:27 T:2196 ERROR: XFILE::CDirectory::GetDirectory - Error getting smb://CS407/music/# classé #/The Babystars/Bebisuta/
12:06:27 T:2464 ERROR: XFILE::CDirectory::GetDirectory - Error getting smb://CS407/video/## Series ##/Accidentally on purpose/
12:06:27 T:2196 ERROR: XFILE::CDirectory::GetDirectory - Error getting smb://CS407/music/# classé #/The Black Eyed Peas/
12:06:27 T:2196 ERROR: XFILE::CDirectory::GetDirectory - Error getting smb://CS407/music/# classé #/The Black Eyed Peas/Elephunk/
12:06:27 T:2196 ERROR: XFILE::CDirectory::GetDirectory - Error getting smb://CS407/music/# classé #/The Black Eyed Peas/Monkey business/
12:06:27 T:2196 ERROR: XFILE::CDirectory::GetDirectory - Error getting smb://CS407/music/# classé #/The Black Eyed Peas/The Biginning/
12:06:27 T:2196 ERROR: XFILE::CDirectory::GetDirectory - Error getting smb://CS407/music/# classé #/The Black Eyed Peas/The E.N.D/
12:06:27 T:2196 ERROR: XFILE::CDirectory::GetDirectory - Error getting smb://CS407/music/# classé #/The Corrs/
12:06:27 T:2196 ERROR: XFILE::CDirectory::GetDirectory - Error getting smb://CS407/music/# classé #/The Corrs/Dreams/
12:06:27 T:2196 ERROR: XFILE::CDirectory::GetDirectory - Error getting smb://CS407/music/# classé #/The Offspring/
12:06:27 T:2196 ERROR: XFILE::CDirectory::GetDirectory - Error getting smb://CS407/music/# classé #/The Offspring/Americana/
12:06:27 T:2196 ERROR: XFILE::CDirectory::GetDirectory - Error getting smb://CS407/music/# classé #/The Offspring/Smash/
12:06:27 T:2196 ERROR: XFILE::CDirectory::GetDirectory - Error getting smb://CS407/music/# classé #/The Potbelleez/
12:06:27 T:2464 DEBUG: VideoInfoScanner: No (new) information was found in dir smb://CS407/video/## Series ##/Accidentally on purpose/
12:06:27 T:2196 ERROR: XFILE::CDirectory::GetDirectory - Error getting smb://CS407/music/# classé #/The Potbelleez/Destination Now/
12:06:27 T:2196 ERROR: XFILE::CDirectory::GetDirectory - Error getting smb://CS407/music/# classé #/The Pussycat Dolls/
12:06:27 T:2196 ERROR: XFILE::CDirectory::GetDirectory - Error getting smb://CS407/music/# classé #/The Pussycat Dolls/Doll domination 2.0/
12:06:27 T:2196 ERROR: XFILE::CDirectory::GetDirectory - Error getting smb://CS407/music/# classé #/The Pussycat Dolls/PCD/
12:06:27 T:2196 ERROR: XFILE::CDirectory::GetDirectory - Error getting smb://CS407/music/# classé #/The Rasmus/
12:06:27 T:2196 ERROR: XFILE::CDirectory::GetDirectory - Error getting smb://CS407/music/# classé #/The Rasmus/Dead Letters/
12:06:27 T:2196 ERROR: XFILE::CDirectory::GetDirectory - Error getting smb://CS407/music/# classé #/The Rootless/
12:06:27 T:2196 ERROR: XFILE::CDirectory::GetDirectory - Error getting smb://CS407/music/# classé #/The Rootless/The Rootless/
12:06:27 T:2196 ERROR: XFILE::CDirectory::GetDirectory - Error getting smb://CS407/music/# classé #/The Veronicas/
12:06:27 T:2196 ERROR: XFILE::CDirectory::GetDirectory - Error getting smb://CS407/music/# classé #/The Veronicas/Hook Me Up/
12:06:27 T:2196 ERROR: XFILE::CDirectory::GetDirectory - Error getting smb://CS407/music/# classé #/The Veronicas/The Secret Life of the Veronicas/
12:06:27 T:2196 ERROR: XFILE::CDirectory::GetDirectory - Error getting smb://CS407/music/# classé #/Tiesto/
12:06:27 T:3556 DEBUG: CAnnouncementManager - Announcement: OnRemove from xbmc
12:06:27 T:3556 DEBUG: GOT ANNOUNCEMENT, type: 16, from xbmc, message OnRemove
12:06:27 T:3464 NOTICE: Erreur urllib : [Errno socket error] [Errno 11004] getaddrinfo failed
12:06:27 T:2196 ERROR: XFILE::CDirectory::GetDirectory - Error getting smb://CS407/music/# classé #/Tiesto/Manos al aire/
12:06:27 T:3556 DEBUG: CAnnouncementManager - Announcement: OnRemove from xbmc
12:06:27 T:3556 DEBUG: GOT ANNOUNCEMENT, type: 16, from xbmc, message OnRemove
12:06:27 T:2196 ERROR: XFILE::CDirectory::GetDirectory - Error getting smb://CS407/music/# classé #/Timbaland/
12:06:27 T:2196 ERROR: XFILE::CDirectory::GetDirectory - Error getting smb://CS407/music/# classé #/Timbaland/Shock value 2/
12:06:27 T:2196 ERROR: XFILE::CDirectory::GetDirectory - Error getting smb://CS407/music/# classé #/Timbaland/Shock value/
12:06:27 T:2196 ERROR: XFILE::CDirectory::GetDirectory - Error getting smb://CS407/music/# classé #/Tina Arena/
12:06:27 T:2196 ERROR: XFILE::CDirectory::GetDirectory - Error getting smb://CS407/music/# classé #/Tina Arena/Un autre univers/
12:06:27 T:2464 ERROR: XFILE::CDirectory::GetDirectory - Error getting smb://CS407/video/## Series ##/Alphas/
12:06:27 T:2196 ERROR: XFILE::CDirectory::GetDirectory - Error getting smb://CS407/music/# classé #/Tinie Tempah/
12:06:27 T:2196 ERROR: XFILE::CDirectory::GetDirectory - Error getting smb://CS407/music/# classé #/Tinie Tempah/Disc-Overy/
12:06:27 T:2196 ERROR: XFILE::CDirectory::GetDirectory - Error getting smb://CS407/music/# classé #/Tommy heavenly6/
12:06:27 T:2196 ERROR: XFILE::CDirectory::GetDirectory - Error getting smb://CS407/music/# classé #/Tommy heavenly6/Gothic Melting Ice Cream's Darkness Nigh/
12:06:27 T:2196 ERROR: XFILE::CDirectory::GetDirectory - Error getting smb://CS407/music/# classé #/UVERworld/
12:06:27 T:2196 ERROR: XFILE::CDirectory::GetDirectory - Error getting smb://CS407/music/# classé #/UVERworld/AwakEVE/
12:06:27 T:2196 ERROR: XFILE::CDirectory::GetDirectory - Error getting smb://CS407/music/# classé #/UVERworld/BUGRIGHT/
12:06:27 T:2196 ERROR: XFILE::CDirectory::GetDirectory - Error getting smb://CS407/music/# classé #/UVERworld/Timeless/
12:06:27 T:2196 ERROR: XFILE::CDirectory::GetDirectory - Error getting smb://CS407/music/# classé #/Usher/
12:06:27 T:2464 DEBUG: VideoInfoScanner: No (new) information was found in dir smb://CS407/video/## Series ##/Alphas/
12:06:27 T:2196 ERROR: XFILE::CDirectory::GetDirectory - Error getting smb://CS407/music/# classé #/Usher/Raymond vs Raymond/
12:06:27 T:2196 ERROR: XFILE::CDirectory::GetDirectory - Error getting smb://CS407/music/# classé #/Vanessa Carlton/
12:06:27 T:2196 ERROR: XFILE::CDirectory::GetDirectory - Error getting smb://CS407/music/# classé #/Vanessa Carlton/Be not nobody/
12:06:27 T:2196 ERROR: XFILE::CDirectory::GetDirectory - Error getting smb://CS407/music/# classé #/Vitaa/
12:06:27 T:2196 ERROR: XFILE::CDirectory::GetDirectory - Error getting smb://CS407/music/# classé #/Vitaa/Celle Que Je Vois/
12:06:27 T:2196 ERROR: XFILE::CDirectory::GetDirectory - Error getting smb://CS407/music/# classé #/W-Inds/
12:06:27 T:2464 ERROR: XFILE::CDirectory::GetDirectory - Error getting smb://CS407/video/## Series ##/Battlestar galactica/
12:06:27 T:2196 ERROR: XFILE::CDirectory::GetDirectory - Error getting smb://CS407/music/# classé #/W-Inds/10th Anniversary Best Album -We sing for/
12:06:27 T:2196 ERROR: XFILE::CDirectory::GetDirectory - Error getting smb://CS407/music/# classé #/Watarirouka Hashiri Tai/
12:06:27 T:2196 ERROR: XFILE::CDirectory::GetDirectory - Error getting smb://CS407/music/# classé #/Watarirouka Hashiri Tai/Kanpekigu~no ne/
12:06:27 T:2196 ERROR: XFILE::CDirectory::GetDirectory - Error getting smb://CS407/music/# classé #/Will Smith/
12:06:27 T:2196 ERROR: XFILE::CDirectory::GetDirectory - Error getting smb://CS407/music/# classé #/Will Smith/Big Willie Style/
12:06:27 T:2196 ERROR: XFILE::CDirectory::GetDirectory - Error getting smb://CS407/music/# classé #/Will Smith/Willenium/
12:06:27 T:2196 ERROR: XFILE::CDirectory::GetDirectory - Error getting smb://CS407/music/# classé #/YUI/
12:06:27 T:2196 ERROR: XFILE::CDirectory::GetDirectory - Error getting smb://CS407/music/# classé #/YUI/Can't buy my love/
12:06:27 T:2196 ERROR: XFILE::CDirectory::GetDirectory - Error getting smb://CS407/music/# classé #/YUI/Holidays in the sun/
12:06:27 T:2464 DEBUG: VideoInfoScanner: No (new) information was found in dir smb://CS407/video/## Series ##/Battlestar galactica/
12:06:27 T:2196 ERROR: XFILE::CDirectory::GetDirectory - Error getting smb://CS407/music/# classé #/YURIA/
12:06:27 T:2196 ERROR: XFILE::CDirectory::GetDirectory - Error getting smb://CS407/music/# classé #/YURIA/YURIA/
12:06:27 T:2196 ERROR: XFILE::CDirectory::GetDirectory - Error getting smb://CS407/music/# classé #/Yasuharu Takanashi/
12:06:27 T:2196 ERROR: XFILE::CDirectory::GetDirectory - Error getting smb://CS407/music/# classé #/Yasuharu Takanashi/Fairy Tail/
12:06:27 T:2196 ERROR: XFILE::CDirectory::GetDirectory - Error getting smb://CS407/music/# classé #/Yellow generation/
12:06:27 T:2196 ERROR: XFILE::CDirectory::GetDirectory - Error getting smb://CS407/music/# classé #/Yellow generation/life-sized portrait/
12:06:27 T:2196 ERROR: XFILE::CDirectory::GetDirectory - Error getting smb://CS407/music/# classé #/Yoko Takahashi/
12:06:27 T:2196 ERROR: XFILE::CDirectory::GetDirectory - Error getting smb://CS407/music/# classé #/Yoko Takahashi/Best Pieces/
12:06:27 T:2196 ERROR: XFILE::CDirectory::GetDirectory - Error getting smb://CS407/music/# classé #/Younha/
12:06:27 T:2464 ERROR: XFILE::CDirectory::GetDirectory - Error getting smb://CS407/video/## Series ##/Being erica/
12:06:27 T:2196 ERROR: XFILE::CDirectory::GetDirectory - Error getting smb://CS407/music/# classé #/Younha/Go! Younha/
12:06:27 T:2196 ERROR: XFILE::CDirectory::GetDirectory - Error getting smb://CS407/music/# classé #/ZZ/
12:06:27 T:2196 ERROR: XFILE::CDirectory::GetDirectory - Error getting smb://CS407/music/# classé #/ZZ/ZZB/
12:06:27 T:2196 ERROR: XFILE::CDirectory::GetDirectory - Error getting smb://CS407/music/# classé #/Zac Harry/
12:06:27 T:2196 ERROR: XFILE::CDirectory::GetDirectory - Error getting smb://CS407/music/# classé #/Zac Harry/Heal Me/
12:06:27 T:2196 ERROR: XFILE::CDirectory::GetDirectory - Error getting smb://CS407/music/# classé #/Zaz/
12:06:27 T:2196 ERROR: XFILE::CDirectory::GetDirectory - Error getting smb://CS407/music/# classé #/Zaz/Zaz/
12:06:27 T:2196 ERROR: XFILE::CDirectory::GetDirectory - Error getting smb://CS407/music/# classé #/Zazie/
12:06:27 T:2196 ERROR: XFILE::CDirectory::GetDirectory - Error getting smb://CS407/music/# classé #/Zazie/Totem/
12:06:27 T:2196 ERROR: XFILE::CDirectory::GetDirectory - Error getting smb://CS407/music/# classé #/jessie j/
12:06:27 T:2196 ERROR: XFILE::CDirectory::GetDirectory - Error getting smb://CS407/music/# classé #/jessie j/Russian sexy/
12:06:27 T:2196 ERROR: XFILE::CDirectory::GetDirectory - Error getting smb://CS407/music/# classé #/jessie j/Who You Are/
12:06:27 T:2196 ERROR: XFILE::CDirectory::GetDirectory - Error getting smb://CS407/music/# classé #/m.c.A.T/
12:06:27 T:2196 ERROR: XFILE::CDirectory::GetDirectory - Error getting smb://CS407/music/# classé #/m.c.A.T/Bomb A Head/
12:06:27 T:2196 ERROR: XFILE::CDirectory::GetDirectory - Error getting smb://CS407/music/# classé #/meg rock/
12:06:27 T:2196 ERROR: XFILE::CDirectory::GetDirectory - Error getting smb://CS407/music/# classé #/meg rock/mighty roller coaster/
12:06:27 T:2196 ERROR: XFILE::CDirectory::GetDirectory - Error getting smb://CS407/music/# classé #/nobodyknows+/
12:06:27 T:2196 ERROR: XFILE::CDirectory::GetDirectory - Error getting smb://CS407/music/# classé #/nobodyknows+/Vulgarhythm/
12:06:27 T:2464 DEBUG: VideoInfoScanner: No (new) information was found in dir smb://CS407/video/## Series ##/Being erica/
12:06:27 T:2196 ERROR: XFILE::CDirectory::GetDirectory - Error getting smb://CS407/music/# classé #/t.A.T.u/
12:06:27 T:2196 ERROR: XFILE::CDirectory::GetDirectory - Error getting smb://CS407/music/# classé #/t.A.T.u/200 Km_h In The Wrong Lane/
12:06:27 T:2196 DEBUG: Thread CThread 2196 terminating
12:06:27 T:2464 ERROR: XFILE::CDirectory::GetDirectory - Error getting smb://CS407/video/## Series ##/Being human (us)/
12:06:27 T:3556 ERROR: XFILE::CDirectory::GetDirectory - Error getting smb://CS407/music/# classé #/Adele/
12:06:27 T:2464 DEBUG: VideoInfoScanner: No (new) information was found in dir smb://CS407/video/## Series ##/Being human (us)/
12:06:27 T:3556 DEBUG: MUSIC_INFO::CMusicInfoScanner::DoScan Rescanning dir 'smb://CS407/music/# classé #/Adele/' due to change
12:06:27 T:2464 ERROR: XFILE::CDirectory::GetDirectory - Error getting smb://CS407/video/## Series ##/Better off ted/
12:06:27 T:3556 ERROR: XFILE::CDirectory::GetDirectory - Error getting smb://CS407/music/# classé #/Adele/21/
12:06:27 T:3556 DEBUG: MUSIC_INFO::CMusicInfoScanner::DoScan Rescanning dir 'smb://CS407/music/# classé #/Adele/21/' due to change
12:06:27 T:2464 DEBUG: VideoInfoScanner: No (new) information was found in dir smb://CS407/video/## Series ##/Better off ted/
12:06:27 T:3556 DEBUG: CAnnouncementManager - Announcement: OnRemove from xbmc
12:06:27 T:3556 DEBUG: GOT ANNOUNCEMENT, type: 16, from xbmc, message OnRemove
12:06:27 T:2464 ERROR: XFILE::CDirectory::GetDirectory - Error getting smb://CS407/video/## Series ##/Blue Mountain State/
12:06:27 T:2464 DEBUG: VideoInfoScanner: No (new) information was found in dir smb://CS407/video/## Series ##/Blue Mountain State/
12:06:27 T:2464 ERROR: XFILE::CDirectory::GetDirectory - Error getting smb://CS407/video/## Series ##/Bones/
12:06:27 T:3556 DEBUG: CAnnouncementManager - Announcement: OnRemove from xbmc
12:06:27 T:3556 DEBUG: GOT ANNOUNCEMENT, type: 16, from xbmc, message OnRemove
12:06:27 T:3556 ERROR: XFILE::CDirectory::GetDirectory - Error getting smb://CS407/music/# classé #/Aiko Kayo/
12:06:27 T:3556 DEBUG: MUSIC_INFO::CMusicInfoScanner::DoScan Rescanning dir 'smb://CS407/music/# classé #/Aiko Kayo/' due to change
12:06:27 T:2464 DEBUG: VideoInfoScanner: No (new) information was found in dir smb://CS407/video/## Series ##/Bones/
12:06:27 T:2464 ERROR: XFILE::CDirectory::GetDirectory - Error getting smb://CS407/video/## Series ##/Bored to death/
12:06:27 T:3556 ERROR: XFILE::CDirectory::GetDirectory - Error getting smb://CS407/music/# classé #/Aiko Kayo/Dolce/
12:06:27 T:3556 DEBUG: MUSIC_INFO::CMusicInfoScanner::DoScan Rescanning dir 'smb://CS407/music/# classé #/Aiko Kayo/Dolce/' due to change
12:06:27 T:2464 DEBUG: VideoInfoScanner: No (new) information was found in dir smb://CS407/video/## Series ##/Bored to death/
12:06:27 T:3556 DEBUG: CAnnouncementManager - Announcement: OnRemove from xbmc
12:06:27 T:3556 DEBUG: GOT ANNOUNCEMENT, type: 16, from xbmc, message OnRemove
12:06:27 T:3556 DEBUG: CAnnouncementManager - Announcement: OnRemove from xbmc
12:06:27 T:3556 DEBUG: GOT ANNOUNCEMENT, type: 16, from xbmc, message OnRemove
12:06:27 T:2464 ERROR: XFILE::CDirectory::GetDirectory - Error getting smb://CS407/video/## Series ##/Breaking bad/
12:06:27 T:2464 DEBUG: VideoInfoScanner: No (new) information was found in dir smb://CS407/video/## Series ##/Breaking bad/
12:06:27 T:3556 ERROR: XFILE::CDirectory::GetDirectory - Error getting smb://CS407/music/# classé #/Akhenaton/
12:06:27 T:3556 DEBUG: MUSIC_INFO::CMusicInfoScanner::DoScan Rescanning dir 'smb://CS407/music/# classé #/Akhenaton/' due to change
12:06:27 T:2464 ERROR: XFILE::CDirectory::GetDirectory - Error getting smb://CS407/video/## Series ##/Breakout Kings/
12:06:27 T:3556 ERROR: XFILE::CDirectory::GetDirectory - Error getting smb://CS407/music/# classé #/Akhenaton/Métèque et mat/
12:06:27 T:3556 DEBUG: MUSIC_INFO::CMusicInfoScanner::DoScan Rescanning dir 'smb://CS407/music/# classé #/Akhenaton/Métèque et mat/' due to change
12:06:27 T:2464 DEBUG: VideoInfoScanner: No (new) information was found in dir smb://CS407/video/## Series ##/Breakout Kings/
12:06:27 T:3556 DEBUG: CAnnouncementManager - Announcement: OnRemove from xbmc
12:06:27 T:3556 DEBUG: GOT ANNOUNCEMENT, type: 16, from xbmc, message OnRemove
12:06:27 T:2464 ERROR: XFILE::CDirectory::GetDirectory - Error getting smb://CS407/video/## Series ##/Bref/
12:06:27 T:2464 DEBUG: VideoInfoScanner: No (new) information was found in dir smb://CS407/video/## Series ##/Bref/
12:06:27 T:2464 ERROR: XFILE::CDirectory::GetDirectory - Error getting smb://CS407/video/## Series ##/Burn notice/
12:06:27 T:2464 DEBUG: VideoInfoScanner: No (new) information was found in dir smb://CS407/video/## Series ##/Burn notice/
12:06:27 T:3556 ERROR: XFILE::CDirectory::GetDirectory - Error getting smb://CS407/music/# classé #/Akira Kushida/
12:06:27 T:3556 DEBUG: MUSIC_INFO::CMusicInfoScanner::DoScan Rescanning dir 'smb://CS407/music/# classé #/Akira Kushida/' due to change
12:06:27 T:2464 ERROR: XFILE::CDirectory::GetDirectory - Error getting smb://CS407/video/## Series ##/Californication/
12:06:27 T:2464 DEBUG: VideoInfoScanner: No (new) information was found in dir smb://CS407/video/## Series ##/Californication/
12:06:27 T:1100 DEBUG: SECTION:UnloadDelayed(DLL: special://xbmcbin/system/players/dvdplayer/avcodec-52.dll)
12:06:27 T:3556 ERROR: XFILE::CDirectory::GetDirectory - Error getting smb://CS407/music/# classé #/Akira Kushida/Toriko/
12:06:27 T:2464 ERROR: XFILE::CDirectory::GetDirectory - Error getting smb://CS407/video/## Series ##/Call me Fitz/
12:06:27 T:3556 DEBUG: MUSIC_INFO::CMusicInfoScanner::DoScan Rescanning dir 'smb://CS407/music/# classé #/Akira Kushida/Toriko/' due to change
12:06:27 T:2464 DEBUG: VideoInfoScanner: No (new) information was found in dir smb://CS407/video/## Series ##/Call me Fitz/
12:06:27 T:3556 DEBUG: CAnnouncementManager - Announcement: OnRemove from xbmc
12:06:27 T:3556 DEBUG: GOT ANNOUNCEMENT, type: 16, from xbmc, message OnRemove
12:06:27 T:2464 ERROR: XFILE::CDirectory::GetDirectory - Error getting smb://CS407/video/## Series ##/Caprica/
12:06:27 T:2464 DEBUG: VideoInfoScanner: No (new) information was found in dir smb://CS407/video/## Series ##/Caprica/
12:06:27 T:2464 ERROR: XFILE::CDirectory::GetDirectory - Error getting smb://CS407/video/## Series ##/Castle/
12:06:27 T:2464 DEBUG: VideoInfoScanner: No (new) information was found in dir smb://CS407/video/## Series ##/Castle/
12:06:27 T:3556 ERROR: XFILE::CDirectory::GetDirectory - Error getting smb://CS407/music/# classé #/Alexandra Stan/
12:06:27 T:3556 DEBUG: MUSIC_INFO::CMusicInfoScanner::DoScan Rescanning dir 'smb://CS407/music/# classé #/Alexandra Stan/' due to change
12:06:27 T:2464 ERROR: XFILE::CDirectory::GetDirectory - Error getting smb://CS407/video/## Series ##/Chuck/
12:06:27 T:2464 DEBUG: VideoInfoScanner: No (new) information was found in dir smb://CS407/video/## Series ##/Chuck/
12:06:27 T:2464 ERROR: XFILE::CDirectory::GetDirectory - Error getting smb://CS407/video/## Series ##/Cougar town/
12:06:27 T:2464 DEBUG: VideoInfoScanner: No (new) information was found in dir smb://CS407/video/## Series ##/Cougar town/
12:06:27 T:3556 ERROR: XFILE::CDirectory::GetDirectory - Error getting smb://CS407/music/# classé #/Alexandra Stan/Saxobeats/
12:06:27 T:3556 DEBUG: MUSIC_INFO::CMusicInfoScanner::DoScan Rescanning dir 'smb://CS407/music/# classé #/Alexandra Stan/Saxobeats/' due to change
12:06:27 T:2464 ERROR: XFILE::CDirectory::GetDirectory - Error getting smb://CS407/video/## Series ##/Covert Affairs/
12:06:27 T:3556 DEBUG: CAnnouncementManager - Announcement: OnRemove from xbmc
12:06:27 T:3556 DEBUG: GOT ANNOUNCEMENT, type: 16, from xbmc, message OnRemove
12:06:27 T:2464 DEBUG: VideoInfoScanner: No (new) information was found in dir smb://CS407/video/## Series ##/Covert Affairs/
12:06:27 T:3556 DEBUG: CAnnouncementManager - Announcement: OnRemove from xbmc
12:06:27 T:3556 DEBUG: GOT ANNOUNCEMENT, type: 16, from xbmc, message OnRemove
12:06:27 T:2464 ERROR: XFILE::CDirectory::GetDirectory - Error getting smb://CS407/video/## Series ##/Damages/
12:06:27 T:3556 ERROR: XFILE::CDirectory::GetDirectory - Error getting smb://CS407/music/# classé #/Ali Project/
12:06:27 T:2464 DEBUG: VideoInfoScanner: No (new) information was found in dir smb://CS407/video/## Series ##/Damages/
12:06:27 T:3556 DEBUG: MUSIC_INFO::CMusicInfoScanner::DoScan Rescanning dir 'smb://CS407/music/# classé #/Ali Project/' due to change
12:06:27 T:2464 ERROR: XFILE::CDirectory::GetDirectory - Error getting smb://CS407/video/## Series ##/Death valley/
12:06:27 T:3556 ERROR: XFILE::CDirectory::GetDirectory - Error getting smb://CS407/music/# classé #/Ali Project/Collection simple plus/
12:06:27 T:3556 DEBUG: MUSIC_INFO::CMusicInfoScanner::DoScan Rescanning dir 'smb://CS407/music/# classé #/Ali Project/Collection simple plus/' due to change
12:06:27 T:2464 DEBUG: VideoInfoScanner: No (new) information was found in dir smb://CS407/video/## Series ##/Death valley/
12:06:27 T:3556 DEBUG: CAnnouncementManager - Announcement: OnRemove from xbmc
12:06:27 T:3556 DEBUG: GOT ANNOUNCEMENT, type: 16, from xbmc, message OnRemove
12:06:27 T:2464 ERROR: XFILE::CDirectory::GetDirectory - Error getting smb://CS407/video/## Series ##/Desperate housewive/
12:06:27 T:2464 DEBUG: VideoInfoScanner: No (new) information was found in dir smb://CS407/video/## Series ##/Desperate housewive/
12:06:27 T:2464 ERROR: XFILE::CDirectory::GetDirectory - Error getting smb://CS407/video/## Series ##/Dexter/
12:06:27 T:3556 ERROR: XFILE::CDirectory::GetDirectory - Error getting smb://CS407/music/# classé #/Amanda Abizaid/
12:06:27 T:2464 DEBUG: VideoInfoScanner: No (new) information was found in dir smb://CS407/video/## Series ##/Dexter/
12:06:27 T:3556 DEBUG: MUSIC_INFO::CMusicInfoScanner::DoScan Rescanning dir 'smb://CS407/music/# classé #/Amanda Abizaid/' due to change
12:06:27 T:2464 ERROR: XFILE::CDirectory::GetDirectory - Error getting smb://CS407/video/## Series ##/Dirty sexy money/
12:06:27 T:3556 ERROR: XFILE::CDirectory::GetDirectory - Error getting smb://CS407/music/# classé #/Amanda Abizaid/BO 4400/
12:06:27 T:3556 DEBUG: MUSIC_INFO::CMusicInfoScanner::DoScan Rescanning dir 'smb://CS407/music/# classé #/Amanda Abizaid/BO 4400/' due to change
12:06:27 T:2464 DEBUG: VideoInfoScanner: No (new) information was found in dir smb://CS407/video/## Series ##/Dirty sexy money/
12:06:27 T:3556 DEBUG: CAnnouncementManager - Announcement: OnRemove from xbmc
12:06:27 T:3556 DEBUG: GOT ANNOUNCEMENT, type: 16, from xbmc, message OnRemove
12:06:27 T:2464 ERROR: XFILE::CDirectory::GetDirectory - Error getting smb://CS407/video/## Series ##/Dr house/
12:06:27 T:2464 DEBUG: VideoInfoScanner: No (new) information was found in dir smb://CS407/video/## Series ##/Dr house/
12:06:27 T:2464 ERROR: XFILE::CDirectory::GetDirectory - Error getting smb://CS407/video/## Series ##/Drop dead diva/
12:06:27 T:2464 DEBUG: VideoInfoScanner: No (new) information was found in dir smb://CS407/video/## Series ##/Drop dead diva/
12:06:27 T:3556 ERROR: XFILE::CDirectory::GetDirectory - Error getting smb://CS407/music/# classé #/Amel Bent/
12:06:27 T:2464 ERROR: XFILE::CDirectory::GetDirectory - Error getting smb://CS407/video/## Series ##/Earl/
12:06:27 T:3556 DEBUG: MUSIC_INFO::CMusicInfoScanner::DoScan Rescanning dir 'smb://CS407/music/# classé #/Amel Bent/' due to change
12:06:27 T:2464 DEBUG: VideoInfoScanner: No (new) information was found in dir smb://CS407/video/## Series ##/Earl/
12:06:27 T:3556 ERROR: XFILE::CDirectory::GetDirectory - Error getting smb://CS407/music/# classé #/Amel Bent/Ou Je Vais/
12:06:27 T:3556 DEBUG: MUSIC_INFO::CMusicInfoScanner::DoScan Rescanning dir 'smb://CS407/music/# classé #/Amel Bent/Ou Je Vais/' due to change
12:06:27 T:2464 ERROR: XFILE::CDirectory::GetDirectory - Error getting smb://CS407/video/## Series ##/Entourage/
12:06:27 T:3556 DEBUG: CAnnouncementManager - Announcement: OnRemove from xbmc
12:06:27 T:3556 DEBUG: GOT ANNOUNCEMENT, type: 16, from xbmc, message OnRemove
12:06:27 T:2464 DEBUG: VideoInfoScanner: No (new) information was found in dir smb://CS407/video/## Series ##/Entourage/
12:06:27 T:2464 ERROR: XFILE::CDirectory::GetDirectory - Error getting smb://CS407/video/## Series ##/Esprits criminels/
12:06:27 T:2464 DEBUG: VideoInfoScanner: No (new) information was found in dir smb://CS407/video/## Series ##/Esprits criminels/
12:06:27 T:3556 ERROR: XFILE::CDirectory::GetDirectory - Error getting smb://CS407/music/# classé #/Ami Koshimizu/
12:06:27 T:3556 DEBUG: MUSIC_INFO::CMusicInfoScanner::DoScan Rescanning dir 'smb://CS407/music/# classé #/Ami Koshimizu/' due to change
12:06:27 T:2464 ERROR: XFILE::CDirectory::GetDirectory - Error getting smb://CS407/video/## Series ##/Eureka/
12:06:27 T:2464 DEBUG: VideoInfoScanner: No (new) information was found in dir smb://CS407/video/## Series ##/Eureka/
12:06:27 T:3556 ERROR: XFILE::CDirectory::GetDirectory - Error getting smb://CS407/music/# classé #/Ami Koshimizu/Aika/
12:06:27 T:3556 DEBUG: MUSIC_INFO::CMusicInfoScanner::DoScan Rescanning dir 'smb://CS407/music/# classé #/Ami Koshimizu/Aika/' due to change
12:06:27 T:2464 ERROR: XFILE::CDirectory::GetDirectory - Error getting smb://CS407/video/## Series ##/Fairly legal/
12:06:27 T:3464 NOTICE: Erreur urllib : [Errno socket error] [Errno 11004] getaddrinfo failed
12:06:27 T:3556 DEBUG: CAnnouncementManager - Announcement: OnRemove from xbmc
12:06:27 T:3556 DEBUG: GOT ANNOUNCEMENT, type: 16, from xbmc, message OnRemove
12:06:27 T:2464 DEBUG: VideoInfoScanner: No (new) information was found in dir smb://CS407/video/## Series ##/Fairly legal/
12:06:27 T:2464 ERROR: XFILE::CDirectory::GetDirectory - Error getting smb://CS407/video/## Series ##/Falling skies/
12:06:27 T:3556 ERROR: XFILE::CDirectory::GetDirectory - Error getting smb://CS407/music/# classé #/Ami Koshimizu/Futari ha Wasurechau/
12:06:27 T:3556 DEBUG: MUSIC_INFO::CMusicInfoScanner::DoScan Rescanning dir 'smb://CS407/music/# classé #/Ami Koshimizu/Futari ha Wasurechau/' due to change
12:06:27 T:2464 DEBUG: VideoInfoScanner: No (new) information was found in dir smb://CS407/video/## Series ##/Falling skies/
12:06:27 T:3556 DEBUG: CAnnouncementManager - Announcement: OnRemove from xbmc
12:06:27 T:3556 DEBUG: GOT ANNOUNCEMENT, type: 16, from xbmc, message OnRemove
12:06:27 T:2464 ERROR: XFILE::CDirectory::GetDirectory - Error getting smb://CS407/video/## Series ##/Friday night lights/
12:06:27 T:2464 DEBUG: VideoInfoScanner: No (new) information was found in dir smb://CS407/video/## Series ##/Friday night lights/
12:06:27 T:2464 ERROR: XFILE::CDirectory::GetDirectory - Error getting smb://CS407/video/## Series ##/Fringe/
12:06:27 T:3556 ERROR: XFILE::CDirectory::GetDirectory - Error getting smb://CS407/music/# classé #/Ami Tokito/
12:06:27 T:3556 DEBUG: MUSIC_INFO::CMusicInfoScanner::DoScan Rescanning dir 'smb://CS407/music/# classé #/Ami Tokito/' due to change
12:06:27 T:2464 DEBUG: VideoInfoScanner: No (new) information was found in dir smb://CS407/video/## Series ##/Fringe/
12:06:27 T:2464 ERROR: XFILE::CDirectory::GetDirectory - Error getting smb://CS407/video/## Series ##/Gary unmarried/
12:06:27 T:3556 ERROR: XFILE::CDirectory::GetDirectory - Error getting smb://CS407/music/# classé #/Ami Tokito/Sentimental Generation/
12:06:27 T:3556 DEBUG: MUSIC_INFO::CMusicInfoScanner::DoScan Rescanning dir 'smb://CS407/music/# classé #/Ami Tokito/Sentimental Generation/' due to change
12:06:27 T:2464 DEBUG: VideoInfoScanner: No (new) information was found in dir smb://CS407/video/## Series ##/Gary unmarried/
12:06:27 T:3556 DEBUG: CAnnouncementManager - Announcement: OnRemove from xbmc
12:06:27 T:3556 DEBUG: GOT ANNOUNCEMENT, type: 16, from xbmc, message OnRemove
12:06:27 T:2464 ERROR: XFILE::CDirectory::GetDirectory - Error getting smb://CS407/video/## Series ##/Grand galop/
12:06:27 T:2464 DEBUG: VideoInfoScanner: No (new) information was found in dir smb://CS407/video/## Series ##/Grand galop/
12:06:27 T:2464 ERROR: XFILE::CDirectory::GetDirectory - Error getting smb://CS407/video/## Series ##/Grey's Anatomy/
12:06:27 T:2464 DEBUG: VideoInfoScanner: No (new) information was found in dir smb://CS407/video/## Series ##/Grey's Anatomy/
12:06:27 T:2464 ERROR: XFILE::CDirectory::GetDirectory - Error getting smb://CS407/video/## Series ##/Hannah Montana/
12:06:27 T:3556 ERROR: XFILE::CDirectory::GetDirectory - Error getting smb://CS407/music/# classé #/Amy MacDonald/
12:06:27 T:3556 DEBUG: MUSIC_INFO::CMusicInfoScanner::DoScan Rescanning dir 'smb://CS407/music/# classé #/Amy MacDonald/' due to change
12:06:27 T:2464 DEBUG: VideoInfoScanner: No (new) information was found in dir smb://CS407/video/## Series ##/Hannah Montana/
12:06:27 T:3556 ERROR: XFILE::CDirectory::GetDirectory - Error getting smb://CS407/music/# classé #/Amy MacDonald/This Is the Life/
12:06:27 T:3556 DEBUG: MUSIC_INFO::CMusicInfoScanner::DoScan Rescanning dir 'smb://CS407/music/# classé #/Amy MacDonald/This Is the Life/' due to change
12:06:27 T:3556 DEBUG: CAnnouncementManager - Announcement: OnRemove from xbmc
12:06:27 T:3556 DEBUG: GOT ANNOUNCEMENT, type: 16, from xbmc, message OnRemove
12:06:27 T:2464 ERROR: XFILE::CDirectory::GetDirectory - Error getting smb://CS407/video/## Series ##/Hawaii 5.0/
12:06:27 T:2464 DEBUG: VideoInfoScanner: No (new) information was found in dir smb://CS407/video/## Series ##/Hawaii 5.0/
12:06:27 T:2464 ERROR: XFILE::CDirectory::GetDirectory - Error getting smb://CS407/video/## Series ##/How I met your mother/
12:06:27 T:2464 DEBUG: VideoInfoScanner: No (new) information was found in dir smb://CS407/video/## Series ##/How I met your mother/
12:06:27 T:3556 DEBUG: CAnnouncementManager - Announcement: OnRemove from xbmc
12:06:27 T:3556 DEBUG: GOT ANNOUNCEMENT, type: 16, from xbmc, message OnRemove
12:06:27 T:3432 NOTICE: Service: 12178 actors took 1.5759999752044678
12:06:27 T:3432 INFO: Scriptresult: Success
12:06:27 T:3432 INFO: Python script stopped
12:06:27 T:3432 DEBUG: Thread XBPyThread 3432 terminating
12:06:27 T:2464 ERROR: XFILE::CDirectory::GetDirectory - Error getting smb://CS407/video/## Series ##/In plain sight/
12:06:27 T:3556 ERROR: XFILE::CDirectory::GetDirectory - Error getting smb://CS407/music/# classé #/Anais/
12:06:27 T:2464 DEBUG: VideoInfoScanner: No (new) information was found in dir smb://CS407/video/## Series ##/In plain sight/
12:06:27 T:3556 DEBUG: MUSIC_INFO::CMusicInfoScanner::DoScan Rescanning dir 'smb://CS407/music/# classé #/Anais/' due to change
12:06:27 T:2464 ERROR: XFILE::CDirectory::GetDirectory - Error getting smb://CS407/video/## Series ##/Justified/
12:06:27 T:3692 DEBUG: CRemoteControl::Connect - connecting to: 127.0.0.1:24000 ...
12:06:27 T:3556 ERROR: XFILE::CDirectory::GetDirectory - Error getting smb://CS407/music/# classé #/Anais/The cheap show/
12:06:27 T:3556 DEBUG: MUSIC_INFO::CMusicInfoScanner::DoScan Rescanning dir 'smb://CS407/music/# classé #/Anais/The cheap show/' due to change
12:06:27 T:2464 DEBUG: VideoInfoScanner: No (new) information was found in dir smb://CS407/video/## Series ##/Justified/
12:06:27 T:1100 DEBUG: waiting for python thread 39 to stop
12:06:27 T:1100 DEBUG: python thread 39 destructed
12:06:27 T:1100 DEBUG: started alarm with name: actors.service
12:06:27 T:1100 DEBUG: SECTION:UnloadDelayed(DLL: special://xbmcbin/system/players/dvdplayer/avformat-52.dll)
12:06:27 T:3556 DEBUG: CAnnouncementManager - Announcement: OnRemove from xbmc
12:06:27 T:3556 DEBUG: GOT ANNOUNCEMENT, type: 16, from xbmc, message OnRemove
12:06:27 T:2464 ERROR: XFILE::CDirectory::GetDirectory - Error getting smb://CS407/video/## Series ##/Le mentalist/
12:06:27 T:2464 DEBUG: VideoInfoScanner: No (new) information was found in dir smb://CS407/video/## Series ##/Le mentalist/
12:06:27 T:2464 ERROR: XFILE::CDirectory::GetDirectory - Error getting smb://CS407/video/## Series ##/Les experts Manhattan/
12:06:27 T:2464 DEBUG: VideoInfoScanner: No (new) information was found in dir smb://CS407/video/## Series ##/Les experts Manhattan/
12:06:27 T:3556 ERROR: XFILE::CDirectory::GetDirectory - Error getting smb://CS407/music/# classé #/Anais/The love album/
12:06:27 T:2464 ERROR: XFILE::CDirectory::GetDirectory - Error getting smb://CS407/video/## Series ##/Les experts Miami/
12:06:27 T:3556 DEBUG: MUSIC_INFO::CMusicInfoScanner::DoScan Rescanning dir 'smb://CS407/music/# classé #/Anais/The love album/' due to change
12:06:27 T:2464 DEBUG: VideoInfoScanner: No (new) information was found in dir smb://CS407/video/## Series ##/Les experts Miami/
12:06:27 T:3556 DEBUG: CAnnouncementManager - Announcement: OnRemove from xbmc
12:06:27 T:3556 DEBUG: GOT ANNOUNCEMENT, type: 16, from xbmc, message OnRemove
12:06:27 T:2464 ERROR: XFILE::CDirectory::GetDirectory - Error getting smb://CS407/video/## Series ##/Les experts/
12:06:27 T:2464 DEBUG: VideoInfoScanner: No (new) information was found in dir smb://CS407/video/## Series ##/Les experts/
12:06:27 T:2464 ERROR: XFILE::CDirectory::GetDirectory - Error getting smb://CS407/video/## Series ##/Leverage/
12:06:27 T:2464 DEBUG: VideoInfoScanner: No (new) information was found in dir smb://CS407/video/## Series ##/Leverage/
12:06:27 T:3556 ERROR: XFILE::CDirectory::GetDirectory - Error getting smb://CS407/music/# classé #/Anastacia/
12:06:27 T:3556 DEBUG: MUSIC_INFO::CMusicInfoScanner::DoScan Rescanning dir 'smb://CS407/music/# classé #/Anastacia/' due to change
12:06:27 T:2464 ERROR: XFILE::CDirectory::GetDirectory - Error getting smb://CS407/video/## Series ##/Lie to me/
12:06:27 T:2464 DEBUG: VideoInfoScanner: No (new) information was found in dir smb://CS407/video/## Series ##/Lie to me/
12:06:27 T:2464 ERROR: XFILE::CDirectory::GetDirectory - Error getting smb://CS407/video/## Series ##/Mad men/
12:06:27 T:3556 ERROR: XFILE::CDirectory::GetDirectory - Error getting smb://CS407/music/# classé #/Anastacia/Left Outside Alone/
12:06:27 T:3556 DEBUG: MUSIC_INFO::CMusicInfoScanner::DoScan Rescanning dir 'smb://CS407/music/# classé #/Anastacia/Left Outside Alone/' due to change
12:06:27 T:2464 DEBUG: VideoInfoScanner: No (new) information was found in dir smb://CS407/video/## Series ##/Mad men/
12:06:27 T:3556 DEBUG: CAnnouncementManager - Announcement: OnRemove from xbmc
12:06:27 T:3556 DEBUG: GOT ANNOUNCEMENT, type: 16, from xbmc, message OnRemove
12:06:27 T:2464 ERROR: XFILE::CDirectory::GetDirectory - Error getting smb://CS407/video/## Series ##/Make it or break it/
12:06:27 T:2464 DEBUG: VideoInfoScanner: No (new) information was found in dir smb://CS407/video/## Series ##/Make it or break it/
12:06:27 T:2464 ERROR: XFILE::CDirectory::GetDirectory - Error getting smb://CS407/video/## Series ##/Mercy/
12:06:27 T:2464 DEBUG: VideoInfoScanner: No (new) information was found in dir smb://CS407/video/## Series ##/Mercy/
12:06:27 T:2464 ERROR: XFILE::CDirectory::GetDirectory - Error getting smb://CS407/video/## Series ##/Merlin/
12:06:27 T:2464 DEBUG: VideoInfoScanner: No (new) information was found in dir smb://CS407/video/## Series ##/Merlin/
12:06:27 T:2464 ERROR: XFILE::CDirectory::GetDirectory - Error getting smb://CS407/video/## Series ##/Modern family/
12:06:27 T:2464 DEBUG: VideoInfoScanner: No (new) information was found in dir smb://CS407/video/## Series ##/Modern family/
12:06:27 T:2464 ERROR: XFILE::CDirectory::GetDirectory - Error getting smb://CS407/video/## Series ##/Monk/
12:06:27 T:2464 DEBUG: VideoInfoScanner: No (new) information was found in dir smb://CS407/video/## Series ##/Monk/
12:06:27 T:2464 ERROR: XFILE::CDirectory::GetDirectory - Error getting smb://CS407/video/## Series ##/Mr sunshine/
12:06:27 T:2464 DEBUG: VideoInfoScanner: No (new) information was found in dir smb://CS407/video/## Series ##/Mr sunshine/
12:06:27 T:2464 ERROR: XFILE::CDirectory::GetDirectory - Error getting smb://CS407/video/## Series ##/My family/
12:06:27 T:2464 DEBUG: VideoInfoScanner: No (new) information was found in dir smb://CS407/video/## Series ##/My family/
12:06:27 T:2464 ERROR: XFILE::CDirectory::GetDirectory - Error getting smb://CS407/video/## Series ##/NCIS Los angeles/
12:06:27 T:2464 DEBUG: VideoInfoScanner: No (new) information was found in dir smb://CS407/video/## Series ##/NCIS Los angeles/
12:06:27 T:2464 ERROR: XFILE::CDirectory::GetDirectory - Error getting smb://CS407/video/## Series ##/NCIS/
12:06:27 T:2464 DEBUG: VideoInfoScanner: No (new) information was found in dir smb://CS407/video/## Series ##/NCIS/
12:06:27 T:2464 ERROR: XFILE::CDirectory::GetDirectory - Error getting smb://CS407/video/## Series ##/Nikita/
12:06:27 T:2464 DEBUG: VideoInfoScanner: No (new) information was found in dir smb://CS407/video/## Series ##/Nikita/
12:06:27 T:2464 ERROR: XFILE::CDirectory::GetDirectory - Error getting smb://CS407/video/## Series ##/Nip Tuck/
12:06:27 T:2464 DEBUG: VideoInfoScanner: No (new) information was found in dir smb://CS407/video/## Series ##/Nip Tuck/
12:06:27 T:2464 ERROR: XFILE::CDirectory::GetDirectory - Error getting smb://CS407/video/## Series ##/No ordinary family/
12:06:27 T:2464 DEBUG: VideoInfoScanner: No (new) information was found in dir smb://CS407/video/## Series ##/No ordinary family/
12:06:27 T:2464 ERROR: XFILE::CDirectory::GetDirectory - Error getting smb://CS407/video/## Series ##/Numb3rs/
12:06:27 T:2464 DEBUG: VideoInfoScanner: No (new) information was found in dir smb://CS407/video/## Series ##/Numb3rs/
12:06:27 T:2464 ERROR: XFILE::CDirectory::GetDirectory - Error getting smb://CS407/video/## Series ##/Nurse jackie/
12:06:27 T:2464 DEBUG: VideoInfoScanner: No (new) information was found in dir smb://CS407/video/## Series ##/Nurse jackie/
12:06:27 T:2464 ERROR: XFILE::CDirectory::GetDirectory - Error getting smb://CS407/video/## Series ##/Persons Unknown/
12:06:27 T:2464 DEBUG: VideoInfoScanner: No (new) information was found in dir smb://CS407/video/## Series ##/Persons Unknown/
12:06:27 T:2464 ERROR: XFILE::CDirectory::GetDirectory - Error getting smb://CS407/video/## Series ##/Pretty liars/
12:06:27 T:2464 DEBUG: VideoInfoScanner: No (new) information was found in dir smb://CS407/video/## Series ##/Pretty liars/
12:06:27 T:2464 ERROR: XFILE::CDirectory::GetDirectory - Error getting smb://CS407/video/## Series ##/Prison break/
12:06:27 T:2464 DEBUG: VideoInfoScanner: No (new) information was found in dir smb://CS407/video/## Series ##/Prison break/
12:06:27 T:2464 ERROR: XFILE::CDirectory::GetDirectory - Error getting smb://CS407/video/## Series ##/Private practice/
12:06:27 T:2464 DEBUG: VideoInfoScanner: No (new) information was found in dir smb://CS407/video/## Series ##/Private practice/
12:06:27 T:2464 ERROR: XFILE::CDirectory::GetDirectory - Error getting smb://CS407/video/## Series ##/Psych/
12:06:27 T:2464 DEBUG: VideoInfoScanner: No (new) information was found in dir smb://CS407/video/## Series ##/Psych/
12:06:27 T:2464 ERROR: XFILE::CDirectory::GetDirectory - Error getting smb://CS407/video/## Series ##/Raising hope/
12:06:27 T:2464 DEBUG: VideoInfoScanner: No (new) information was found in dir smb://CS407/video/## Series ##/Raising hope/
12:06:27 T:2464 ERROR: XFILE::CDirectory::GetDirectory - Error getting smb://CS407/video/## Series ##/Rules of engagement/
12:06:27 T:2464 DEBUG: VideoInfoScanner: No (new) information was found in dir smb://CS407/video/## Series ##/Rules of engagement/
12:06:27 T:2464 ERROR: XFILE::CDirectory::GetDirectory - Error getting smb://CS407/video/## Series ##/Sanctuary/
12:06:27 T:2464 DEBUG: VideoInfoScanner: No (new) information was found in dir smb://CS407/video/## Series ##/Sanctuary/
12:06:27 T:2464 ERROR: XFILE::CDirectory::GetDirectory - Error getting smb://CS407/video/## Series ##/Scrubs/
12:06:27 T:2464 DEBUG: VideoInfoScanner: No (new) information was found in dir smb://CS407/video/## Series ##/Scrubs/
12:06:28 T:2464 ERROR: XFILE::CDirectory::GetDirectory - Error getting smb://CS407/video/## Series ##/Sherlock/
12:06:28 T:2464 DEBUG: VideoInfoScanner: No (new) information was found in dir smb://CS407/video/## Series ##/Sherlock/
12:06:28 T:2464 ERROR: XFILE::CDirectory::GetDirectory - Error getting smb://CS407/video/## Series ##/Smallville/
12:06:28 T:2464 DEBUG: VideoInfoScanner: No (new) information was found in dir smb://CS407/video/## Series ##/Smallville/
12:06:28 T:2464 ERROR: XFILE::CDirectory::GetDirectory - Error getting smb://CS407/video/## Series ##/Sons of anarchy/
12:06:28 T:2464 DEBUG: VideoInfoScanner: No (new) information was found in dir smb://CS407/video/## Series ##/Sons of anarchy/
12:06:28 T:2464 ERROR: XFILE::CDirectory::GetDirectory - Error getting smb://CS407/video/## Series ##/Stargate universe/
12:06:28 T:2464 DEBUG: VideoInfoScanner: No (new) information was found in dir smb://CS407/video/## Series ##/Stargate universe/
12:06:28 T:2464 ERROR: XFILE::CDirectory::GetDirectory - Error getting smb://CS407/video/## Series ##/Supernatural/
12:06:28 T:2464 DEBUG: VideoInfoScanner: No (new) information was found in dir smb://CS407/video/## Series ##/Supernatural/
12:06:28 T:3464 NOTICE: Erreur urllib : [Errno socket error] [Errno 11004] getaddrinfo failed
12:06:28 T:2464 ERROR: XFILE::CDirectory::GetDirectory - Error getting smb://CS407/video/## Series ##/Survivors/
12:06:28 T:2464 DEBUG: VideoInfoScanner: No (new) information was found in dir smb://CS407/video/## Series ##/Survivors/
12:06:28 T:2464 ERROR: XFILE::CDirectory::GetDirectory - Error getting smb://CS407/video/## Series ##/Terra nova/
12:06:28 T:2464 DEBUG: VideoInfoScanner: No (new) information was found in dir smb://CS407/video/## Series ##/Terra nova/
12:06:28 T:2464 ERROR: XFILE::CDirectory::GetDirectory - Error getting smb://CS407/video/## Series ##/That 70's Show/
12:06:28 T:2464 DEBUG: VideoInfoScanner: No (new) information was found in dir smb://CS407/video/## Series ##/That 70's Show/
12:06:28 T:2464 ERROR: XFILE::CDirectory::GetDirectory - Error getting smb://CS407/video/## Series ##/The L word/
12:06:28 T:2464 DEBUG: VideoInfoScanner: No (new) information was found in dir smb://CS407/video/## Series ##/The L word/
12:06:28 T:2464 ERROR: XFILE::CDirectory::GetDirectory - Error getting smb://CS407/video/## Series ##/The Shield/
12:06:28 T:2464 DEBUG: VideoInfoScanner: No (new) information was found in dir smb://CS407/video/## Series ##/The Shield/
12:06:28 T:2464 ERROR: XFILE::CDirectory::GetDirectory - Error getting smb://CS407/video/## Series ##/The big bang theory/
12:06:28 T:2464 DEBUG: VideoInfoScanner: No (new) information was found in dir smb://CS407/video/## Series ##/The big bang theory/
12:06:28 T:2464 ERROR: XFILE::CDirectory::GetDirectory - Error getting smb://CS407/video/## Series ##/The closer/
12:06:28 T:2464 DEBUG: VideoInfoScanner: No (new) information was found in dir smb://CS407/video/## Series ##/The closer/
12:06:28 T:2464 ERROR: XFILE::CDirectory::GetDirectory - Error getting smb://CS407/video/## Series ##/The defender/
12:06:28 T:2464 DEBUG: VideoInfoScanner: No (new) information was found in dir smb://CS407/video/## Series ##/The defender/
12:06:28 T:2464 ERROR: XFILE::CDirectory::GetDirectory - Error getting smb://CS407/video/## Series ##/The gates/
12:06:28 T:2464 DEBUG: VideoInfoScanner: No (new) information was found in dir smb://CS407/video/## Series ##/The gates/
12:06:28 T:2464 ERROR: XFILE::CDirectory::GetDirectory - Error getting smb://CS407/video/## Series ##/The glades/
12:06:28 T:2464 DEBUG: VideoInfoScanner: No (new) information was found in dir smb://CS407/video/## Series ##/The glades/
12:06:28 T:2464 ERROR: XFILE::CDirectory::GetDirectory - Error getting smb://CS407/video/## Series ##/The unit/
12:06:28 T:2464 DEBUG: VideoInfoScanner: No (new) information was found in dir smb://CS407/video/## Series ##/The unit/
12:06:28 T:2464 ERROR: XFILE::CDirectory::GetDirectory - Error getting smb://CS407/video/## Series ##/The walking dead/
12:06:28 T:2464 DEBUG: VideoInfoScanner: No (new) information was found in dir smb://CS407/video/## Series ##/The walking dead/
12:06:28 T:2464 ERROR: XFILE::CDirectory::GetDirectory - Error getting smb://CS407/video/## Series ##/Til death/
12:06:28 T:2464 DEBUG: VideoInfoScanner: No (new) information was found in dir smb://CS407/video/## Series ##/Til death/
12:06:28 T:2464 ERROR: XFILE::CDirectory::GetDirectory - Error getting smb://CS407/video/## Series ##/True Blood/
12:06:28 T:2464 DEBUG: VideoInfoScanner: No (new) information was found in dir smb://CS407/video/## Series ##/True Blood/
12:06:28 T:2464 ERROR: XFILE::CDirectory::GetDirectory - Error getting smb://CS407/video/## Series ##/Unforgettable/
12:06:28 T:2464 DEBUG: VideoInfoScanner: No (new) information was found in dir smb://CS407/video/## Series ##/Unforgettable/
12:06:28 T:2464 ERROR: XFILE::CDirectory::GetDirectory - Error getting smb://CS407/video/## Series ##/United states of tara/
12:06:28 T:2464 DEBUG: VideoInfoScanner: No (new) information was found in dir smb://CS407/video/## Series ##/United states of tara/
12:06:28 T:2464 ERROR: XFILE::CDirectory::GetDirectory - Error getting smb://CS407/video/## Series ##/V/
12:06:28 T:2464 DEBUG: VideoInfoScanner: No (new) information was found in dir smb://CS407/video/## Series ##/V/
12:06:28 T:2464 ERROR: XFILE::CDirectory::GetDirectory - Error getting smb://CS407/video/## Series ##/Warehouse 13/
12:06:28 T:2464 DEBUG: VideoInfoScanner: No (new) information was found in dir smb://CS407/video/## Series ##/Warehouse 13/
12:06:28 T:2464 ERROR: XFILE::CDirectory::GetDirectory - Error getting smb://CS407/video/## Series ##/gossip Girl/
12:06:28 T:2464 DEBUG: VideoInfoScanner: No (new) information was found in dir smb://CS407/video/## Series ##/gossip Girl/
12:06:28 T:2464 ERROR: XFILE::CDirectory::GetDirectory - Error getting smb://CS407/video/## Series ##/hellcats/
12:06:28 T:2464 DEBUG: VideoInfoScanner: No (new) information was found in dir smb://CS407/video/## Series ##/hellcats/
12:06:28 T:2464 ERROR: XFILE::CDirectory::GetDirectory - Error getting smb://CS407/video/## Series ##/kidnapped/
12:06:28 T:2464 DEBUG: VideoInfoScanner: No (new) information was found in dir smb://CS407/video/## Series ##/kidnapped/
12:06:28 T:2464 ERROR: XFILE::CDirectory::GetDirectory - Error getting smb://CS407/video/## Series ##/lost les disparus/
12:06:28 T:2464 DEBUG: VideoInfoScanner: No (new) information was found in dir smb://CS407/video/## Series ##/lost les disparus/
12:06:28 T:2464 ERROR: XFILE::CDirectory::GetDirectory - Error getting smb://CS407/video/## Series ##/moonlight/
12:06:28 T:2464 DEBUG: VideoInfoScanner: No (new) information was found in dir smb://CS407/video/## Series ##/moonlight/
12:06:28 T:2464 ERROR: XFILE::CDirectory::GetDirectory - Error getting smb://CS407/video/## Series ##/the chicago code/
12:06:28 T:2464 DEBUG: VideoInfoScanner: No (new) information was found in dir smb://CS407/video/## Series ##/the chicago code/
12:06:28 T:2464 ERROR: XFILE::CDirectory::GetDirectory - Error getting smb://CS407/video/## Series ##/xiii/
12:06:28 T:2464 DEBUG: VideoInfoScanner: No (new) information was found in dir smb://CS407/video/## Series ##/xiii/
12:06:28 T:2464 ERROR: XFILE::CDirectory::GetDirectory - Error getting smb://CS407/video/##Films 3D##/
12:06:28 T:2464 DEBUG: VideoInfoScanner: Skipping dir 'smb://CS407/video/##Films 3D##/' due to no change
12:06:28 T:2464 ERROR: XFILE::CDirectory::GetDirectory - Error getting smb://CS407/video/##Films 3D##/# Morgane #/
12:06:28 T:2464 DEBUG: VideoInfoScanner: Skipping dir 'smb://CS407/video/##Films 3D##/# Morgane #/' due to no change
12:06:28 T:2464 ERROR: XFILE::CDirectory::GetDirectory - Error getting smb://CS407/video/##Films 3D##/# Morgane #/Alpha.Omega.3d/
12:06:28 T:2464 DEBUG: VideoInfoScanner: Skipping dir 'smb://CS407/video/##Films 3D##/# Morgane #/Alpha.Omega.3d/' as it's empty or doesn't exist - adding to clean list
12:06:28 T:2464 ERROR: XFILE::CDirectory::GetDirectory - Error getting smb://CS407/video/##Films 3D##/# Morgane #/Animaux et compagnie 3d/
12:06:28 T:2464 DEBUG: VideoInfoScanner: Skipping dir 'smb://CS407/video/##Films 3D##/# Morgane #/Animaux et compagnie 3d/' as it's empty or doesn't exist - adding to clean list
12:06:28 T:2464 ERROR: XFILE::CDirectory::GetDirectory - Error getting smb://CS407/video/##Films 3D##/# Morgane #/Avatar 3d/
12:06:28 T:2464 DEBUG: VideoInfoScanner: Skipping dir 'smb://CS407/video/##Films 3D##/# Morgane #/Avatar 3d/' as it's empty or doesn't exist - adding to clean list
12:06:28 T:2464 ERROR: XFILE::CDirectory::GetDirectory - Error getting smb://CS407/video/##Films 3D##/# Morgane #/Beauty.And.The.Beast.3D.Bluray/
